Last updated on 2024-03-28 17:49:39 CET.
Flavor | Version | Tinstall | Tcheck | Ttotal | Status | Flags |
---|---|---|---|---|---|---|
r-devel-linux-x86_64-debian-clang | 0.9-9 | 25.31 | 29.44 | 54.75 | OK | |
r-devel-linux-x86_64-debian-gcc | 0.9-9 | 20.65 | 22.46 | 43.11 | OK | |
r-devel-linux-x86_64-fedora-clang | 0.9-9 | 70.10 | OK | |||
r-devel-linux-x86_64-fedora-gcc | 0.9-9 | 75.53 | OK | |||
r-devel-windows-x86_64 | 0.9-9 | 41.00 | 61.00 | 102.00 | OK | |
r-patched-linux-x86_64 | 0.9-9 | 25.13 | 28.81 | 53.94 | OK | |
r-release-linux-x86_64 | 0.9-9 | 24.51 | 28.78 | 53.29 | OK | |
r-release-macos-arm64 | 0.9-9 | 36.00 | NOTE | |||
r-release-macos-x86_64 | 0.9-9 | 56.00 | NOTE | |||
r-release-windows-x86_64 | 0.9-9 | 44.00 | 68.00 | 112.00 | OK | |
r-oldrel-macos-arm64 | 0.9-9 | 37.00 | NOTE | |||
r-oldrel-windows-x86_64 | 0.9-9 | 42.00 | 66.00 | 108.00 | OK |
Version: 0.9-9
Check: installed package size
Result: NOTE
installed size is 19.3Mb
sub-directories of 1Mb or more:
libs 19.2Mb
Flavors: r-release-macos-arm64, r-release-macos-x86_64, r-oldrel-macos-arm64