Last updated on 2025-11-23 05:50:30 CET.
| Flavor | Version | Tinstall | Tcheck | Ttotal | Status | Flags |
|---|---|---|---|---|---|---|
| r-devel-linux-x86_64-debian-clang | 2.6.1 | 1.79 | 30.62 | 32.41 | OK | |
| r-devel-linux-x86_64-debian-gcc | 2.6.1 | 1.44 | 24.13 | 25.57 | OK | |
| r-devel-linux-x86_64-fedora-clang | 2.6.1 | 47.08 | OK | |||
| r-devel-windows-x86_64 | 2.6.1 | 6.00 | 47.00 | 53.00 | OK | |
| r-patched-linux-x86_64 | 2.6.1 | 1.48 | 28.03 | 29.51 | OK | |
| r-release-linux-x86_64 | 2.6.1 | 1.46 | 28.00 | 29.46 | OK | |
| r-release-macos-arm64 | 2.6.1 | ERROR | ||||
| r-release-macos-x86_64 | 2.6.1 | 2.00 | 33.00 | 35.00 | OK | |
| r-release-windows-x86_64 | 2.6.1 | 3.00 | 48.00 | 51.00 | OK | |
| r-oldrel-macos-arm64 | 2.6.1 | OK | ||||
| r-oldrel-macos-x86_64 | 2.6.1 | 2.00 | 48.00 | 50.00 | OK | |
| r-oldrel-windows-x86_64 | 2.6.1 | 5.00 | 55.00 | 60.00 | OK |
Version: 2.6.1
Check: tests
Result: ERROR
Running ‘testthat.R’ [0s/1s]
Running the tests in ‘tests/testthat.R’ failed.
Complete output:
> library(testthat)
> library(R6)
>
> test_check("R6")
Error in loadNamespace(x) : there is no package called 'cli'
Calls: test_check ... loadNamespace -> withRestarts -> withOneRestart -> doWithOneRestart
Execution halted
Flavor: r-release-macos-arm64