Last updated on 2025-11-23 05:50:30 CET.
| Flavor | Version | Tinstall | Tcheck | Ttotal | Status | Flags |
|---|---|---|---|---|---|---|
| r-devel-linux-x86_64-debian-clang | 1.2.0 | 7.46 | 29.91 | 37.37 | OK | |
| r-devel-linux-x86_64-debian-gcc | 1.2.0 | 5.00 | 24.49 | 29.49 | OK | |
| r-devel-linux-x86_64-fedora-clang | 1.2.0 | 16.00 | 39.45 | 55.45 | OK | |
| r-devel-windows-x86_64 | 1.2.0 | 10.00 | 52.00 | 62.00 | OK | |
| r-patched-linux-x86_64 | 1.2.0 | 6.98 | 26.81 | 33.79 | OK | |
| r-release-linux-x86_64 | 1.2.0 | 7.15 | 26.53 | 33.68 | OK | |
| r-release-macos-arm64 | 1.2.0 | OK | ||||
| r-release-macos-x86_64 | 1.2.0 | 7.00 | 40.00 | 47.00 | OK | |
| r-release-windows-x86_64 | 1.2.0 | 7.00 | 73.00 | 80.00 | OK | |
| r-oldrel-macos-arm64 | 1.2.0 | NOTE | ||||
| r-oldrel-macos-x86_64 | 1.2.0 | 7.00 | 37.00 | 44.00 | NOTE | |
| r-oldrel-windows-x86_64 | 1.2.0 | 9.00 | 57.00 | 66.00 | NOTE |
Version: 1.2.0
Check: LazyData
Result: NOTE
'LazyData' is specified without a 'data' directory
Flavors: r-oldrel-macos-arm64, r-oldrel-macos-x86_64, r-oldrel-windows-x86_64