Last updated on 2025-11-23 17:50:22 CET.
| Flavor | Version | Tinstall | Tcheck | Ttotal | Status | Flags |
|---|---|---|---|---|---|---|
| r-devel-linux-x86_64-debian-clang | 0.1.1 | 2.23 | 41.75 | 43.98 | OK | |
| r-devel-linux-x86_64-debian-gcc | 0.1.1 | 1.61 | 32.67 | 34.28 | OK | |
| r-devel-linux-x86_64-fedora-clang | 0.1.1 | 69.74 | NOTE | |||
| r-devel-windows-x86_64 | 0.1.1 | 5.00 | 360.00 | 365.00 | OK | |
| r-patched-linux-x86_64 | 0.1.1 | 2.15 | 39.17 | 41.32 | OK | |
| r-release-linux-x86_64 | 0.1.1 | 2.00 | 39.33 | 41.33 | OK | |
| r-release-macos-arm64 | 0.1.1 | OK | ||||
| r-release-macos-x86_64 | 0.1.1 | 2.00 | 393.00 | 395.00 | OK | |
| r-release-windows-x86_64 | 0.1.1 | 4.00 | 354.00 | 358.00 | OK | |
| r-oldrel-macos-arm64 | 0.1.1 | OK | ||||
| r-oldrel-macos-x86_64 | 0.1.1 | 2.00 | 330.00 | 332.00 | OK | |
| r-oldrel-windows-x86_64 | 0.1.1 | 4.00 | 519.00 | 523.00 | OK |
Version: 0.1.1
Check: dependencies in R code
Result: NOTE
Namespaces in Imports field not imported from:
‘asd’ ‘cubature’ ‘data.table’ ‘ggplot2’ ‘multxpert’ ‘survival’
All declared Imports should be used.
Flavor: r-devel-linux-x86_64-fedora-clang