Last updated on 2025-07-20 06:50:19 CEST.
Flavor | Version | Tinstall | Tcheck | Ttotal | Status | Flags |
---|---|---|---|---|---|---|
r-devel-linux-x86_64-debian-clang | 0.1.0 | 1.97 | 39.02 | 40.99 | OK | |
r-devel-linux-x86_64-debian-gcc | 0.1.0 | 1.63 | 31.11 | 32.74 | OK | |
r-devel-linux-x86_64-fedora-clang | 0.1.0 | 60.68 | NOTE | |||
r-devel-linux-x86_64-fedora-gcc | 0.1.0 | 72.42 | NOTE | |||
r-devel-windows-x86_64 | 0.1.0 | 4.00 | 54.00 | 58.00 | OK | |
r-patched-linux-x86_64 | 0.1.0 | 1.83 | 35.71 | 37.54 | OK | |
r-release-linux-x86_64 | 0.1.0 | 1.95 | 35.86 | 37.81 | OK | |
r-release-macos-arm64 | 0.1.0 | 28.00 | OK | |||
r-release-macos-x86_64 | 0.1.0 | 50.00 | OK | |||
r-release-windows-x86_64 | 0.1.0 | 4.00 | 55.00 | 59.00 | OK | |
r-oldrel-macos-arm64 | 0.1.0 | 28.00 | OK | |||
r-oldrel-macos-x86_64 | 0.1.0 | 42.00 | OK | |||
r-oldrel-windows-x86_64 | 0.1.0 | 4.00 | 61.00 | 65.00 | OK |
Version: 0.1.0
Check: dependencies in R code
Result: NOTE
Namespace in Imports field not imported from: ‘gridExtra’
All declared Imports should be used.
Flavors: r-devel-linux-x86_64-fedora-clang, r-devel-linux-x86_64-fedora-gcc