Last updated on 2024-05-08 06:58:35 CEST.
Flavor | Version | Tinstall | Tcheck | Ttotal | Status | Flags |
---|---|---|---|---|---|---|
r-devel-linux-x86_64-debian-clang | 0.1.35 | 128.34 | 234.52 | 362.86 | OK | |
r-devel-linux-x86_64-debian-gcc | 0.1.35 | 100.75 | 176.52 | 277.27 | OK | |
r-devel-linux-x86_64-fedora-clang | 0.1.35 | 463.24 | OK | |||
r-devel-linux-x86_64-fedora-gcc | 0.1.35 | 544.00 | OK | |||
r-devel-windows-x86_64 | 0.1.35 | 83.00 | 202.00 | 285.00 | OK | |
r-patched-linux-x86_64 | 0.1.35 | 85.51 | 230.21 | 315.72 | OK | |
r-release-linux-x86_64 | 0.1.35 | 91.13 | 224.63 | 315.76 | OK | |
r-release-macos-arm64 | 0.1.35 | 110.00 | NOTE | |||
r-release-macos-x86_64 | 0.1.35 | 343.00 | NOTE | |||
r-release-windows-x86_64 | 0.1.35 | 81.00 | 197.00 | 278.00 | OK | |
r-oldrel-macos-arm64 | 0.1.35 | 112.00 | NOTE | |||
r-oldrel-macos-x86_64 | 0.1.35 | 327.00 | NOTE | |||
r-oldrel-windows-x86_64 | 0.1.35 | 106.00 | 253.00 | 359.00 | OK |
Version: 0.1.35
Check: installed package size
Result: NOTE
installed size is 34.7Mb
sub-directories of 1Mb or more:
libs 33.2Mb
Flavors: r-release-macos-arm64, r-release-macos-x86_64, r-oldrel-macos-arm64, r-oldrel-macos-x86_64