Last updated on 2024-04-27 06:57:30 CEST.
Flavor | Version | Tinstall | Tcheck | Ttotal | Status | Flags |
---|---|---|---|---|---|---|
r-devel-linux-x86_64-debian-clang | 0.1.2 | 7.04 | 44.13 | 51.17 | NOTE | |
r-devel-linux-x86_64-debian-gcc | 0.1.2 | 4.81 | 33.00 | 37.81 | NOTE | |
r-devel-linux-x86_64-fedora-clang | 0.1.2 | 62.22 | NOTE | |||
r-devel-linux-x86_64-fedora-gcc | 0.1.2 | 58.94 | NOTE | |||
r-devel-windows-x86_64 | 0.1.2 | 7.00 | 53.00 | 60.00 | NOTE | |
r-patched-linux-x86_64 | 0.1.2 | 5.64 | 42.01 | 47.65 | NOTE | |
r-release-linux-x86_64 | 0.1.2 | 5.78 | 42.68 | 48.46 | NOTE | |
r-release-macos-arm64 | 0.1.2 | 22.00 | NOTE | |||
r-release-windows-x86_64 | 0.1.2 | 7.00 | 51.00 | 58.00 | NOTE | |
r-oldrel-macos-arm64 | 0.1.2 | 23.00 | NOTE | |||
r-oldrel-macos-x86_64 | 0.1.2 | 32.00 | NOTE | |||
r-oldrel-windows-x86_64 | 0.1.2 | 8.00 | 56.00 | 64.00 | NOTE |
Version: 0.1.2
Check: LazyData
Result: NOTE
'LazyData' is specified without a 'data' directory
Flavors: r-devel-linux-x86_64-debian-clang, r-devel-linux-x86_64-debian-gcc, r-devel-linux-x86_64-fedora-clang, r-devel-linux-x86_64-fedora-gcc, r-devel-windows-x86_64, r-patched-linux-x86_64, r-release-linux-x86_64, r-release-macos-arm64, r-release-windows-x86_64, r-oldrel-macos-arm64, r-oldrel-macos-x86_64, r-oldrel-windows-x86_64