Last updated on 2024-04-25 06:54:30 CEST.
Flavor | Version | Tinstall | Tcheck | Ttotal | Status | Flags |
---|---|---|---|---|---|---|
r-devel-linux-x86_64-debian-clang | 1.7 | 12.95 | 100.16 | 113.11 | NOTE | |
r-devel-linux-x86_64-debian-gcc | 1.7 | 10.05 | 70.94 | 80.99 | NOTE | |
r-devel-linux-x86_64-fedora-clang | 1.7 | 136.17 | NOTE | |||
r-devel-linux-x86_64-fedora-gcc | 1.7 | 127.11 | NOTE | |||
r-devel-windows-x86_64 | 1.7 | 13.00 | 90.00 | 103.00 | NOTE | |
r-patched-linux-x86_64 | 1.7 | 10.70 | 93.96 | 104.66 | NOTE | |
r-release-linux-x86_64 | 1.7 | 11.17 | 94.80 | 105.97 | OK | |
r-release-macos-arm64 | 1.7 | 39.00 | NOTE | |||
r-release-windows-x86_64 | 1.7 | 12.00 | 90.00 | 102.00 | NOTE | |
r-oldrel-macos-arm64 | 1.7 | 40.00 | OK | |||
r-oldrel-macos-x86_64 | 1.7 | 61.00 | OK | |||
r-oldrel-windows-x86_64 | 1.7 | 16.00 | 109.00 | 125.00 | OK |
Version: 1.7
Check: Rd files
Result: NOTE
checkRd: (-1) reachRouting.Rd:15: Lost braces
15 | \item{inflow}{a vector of runoff (cms) presenting a runoff event generated by excess rainfall computed by \code{loss} methods or an object inherited from any of the following classes :{\code{transform} ; \code{reachRouting} ; \code{reservoirRouting}}.}
| ^
checkRd: (-1) reachRouting.base.Rd:14: Lost braces
14 | \item{inflow}{a vector of runoff (cms) or an object inherited from any of the following classes :{\code{transform} ; \code{reachRouting} ; \code{reservoirRouting}}.}
| ^
checkRd: (-1) reachRouting.default.Rd:21: Lost braces
21 | \item{inflow}{a vector of runoff (cms) or an object inherited from any of the following classes :{\code{transform} ; \code{reachRouting} ; \code{reservoirRouting}}.}
| ^
checkRd: (-1) reservoirRouting.Rd:13: Lost braces
13 | \item{inflow}{a vector of in (cms) presenting a runoff event generated by excess rainfall computed by \code{loss} methods or an object inherited from any of the following classes :{\code{transform} ; \code{reachRouting} ; \code{reservoirRouting}}.}
| ^
checkRd: (-1) reservoirRouting.base.Rd:13: Lost braces
13 | \item{inflow}{a vector of in (cms) presenting a runoff event generated by excess rainfall computed by \code{loss} methods or an object inherited from any of the following classes :{\code{transform} ; \code{reachRouting} ; \code{reservoirRouting}}.}
| ^
checkRd: (-1) reservoirRouting.default.Rd:18: Lost braces
18 | \item{inflow}{a vector of in (cms) presenting a runoff event generated by excess rainfall computed by \code{loss} methods or an object inherited from any of the following classes :{\code{transform} ; \code{reachRouting} ; \code{reservoirRouting}}.}
| ^
Flavors: r-devel-linux-x86_64-debian-clang, r-devel-linux-x86_64-debian-gcc, r-devel-linux-x86_64-fedora-clang, r-devel-linux-x86_64-fedora-gcc, r-devel-windows-x86_64, r-patched-linux-x86_64, r-release-macos-arm64, r-release-windows-x86_64