Last updated on 2025-05-18 18:50:12 CEST.
Flavor | Version | Tinstall | Tcheck | Ttotal | Status | Flags |
---|---|---|---|---|---|---|
r-devel-linux-x86_64-debian-clang | 5.0-4 | 3.93 | 22.84 | 26.77 | OK | |
r-devel-linux-x86_64-debian-gcc | 5.0-4 | 3.10 | 17.43 | 20.53 | OK | |
r-devel-linux-x86_64-fedora-clang | 5.0-4 | 41.77 | OK | |||
r-devel-linux-x86_64-fedora-gcc | 5.0-4 | 41.55 | OK | |||
r-devel-windows-x86_64 | 5.0-4 | 5.00 | 32.00 | 37.00 | OK | |
r-patched-linux-x86_64 | 5.0-4 | 3.71 | 21.96 | 25.67 | OK | |
r-release-linux-x86_64 | 5.0-4 | 3.94 | 21.74 | 25.68 | OK | |
r-release-macos-arm64 | 5.0-4 | 19.00 | OK | |||
r-release-macos-x86_64 | 5.0-4 | 29.00 | OK | |||
r-release-windows-x86_64 | 5.0-4 | 5.00 | 32.00 | 37.00 | OK | |
r-oldrel-macos-arm64 | 5.0-4 | 17.00 | NOTE | |||
r-oldrel-macos-x86_64 | 5.0-4 | 30.00 | NOTE | |||
r-oldrel-windows-x86_64 | 5.0-4 | 5.00 | 33.00 | 38.00 | NOTE |
Version: 5.0-4
Check: installed package size
Result: NOTE
installed size is 10.8Mb
sub-directories of 1Mb or more:
java 10.8Mb
Flavors: r-oldrel-macos-arm64, r-oldrel-macos-x86_64, r-oldrel-windows-x86_64