Last updated on 2024-03-28 17:49:40 CET.
Flavor | Version | Tinstall | Tcheck | Ttotal | Status | Flags |
---|---|---|---|---|---|---|
r-devel-linux-x86_64-debian-clang | 5.0-4 | 4.68 | 28.36 | 33.04 | OK | |
r-devel-linux-x86_64-debian-gcc | 5.0-4 | 3.84 | 21.44 | 25.28 | OK | |
r-devel-linux-x86_64-fedora-clang | 5.0-4 | 40.88 | NOTE | |||
r-devel-linux-x86_64-fedora-gcc | 5.0-4 | 41.05 | OK | |||
r-devel-windows-x86_64 | 5.0-4 | 4.00 | 32.00 | 36.00 | NOTE | |
r-patched-linux-x86_64 | 5.0-4 | 4.23 | 27.72 | 31.95 | OK | |
r-release-linux-x86_64 | 5.0-4 | 4.44 | 27.77 | 32.21 | OK | |
r-release-macos-arm64 | 5.0-4 | 18.00 | NOTE | |||
r-release-macos-x86_64 | 5.0-4 | 26.00 | NOTE | |||
r-release-windows-x86_64 | 5.0-4 | 7.00 | 39.00 | 46.00 | NOTE | |
r-oldrel-macos-arm64 | 5.0-4 | 18.00 | NOTE | |||
r-oldrel-windows-x86_64 | 5.0-4 | 6.00 | 44.00 | 50.00 | NOTE |
Version: 5.0-4
Check: installed package size
Result: NOTE
installed size is 10.9Mb
sub-directories of 1Mb or more:
java 10.8Mb
Flavors: r-devel-linux-x86_64-fedora-clang, r-devel-windows-x86_64, r-release-macos-arm64, r-release-macos-x86_64, r-release-windows-x86_64, r-oldrel-macos-arm64, r-oldrel-windows-x86_64