Last updated on 2024-07-03 18:57:46 CEST.
Flavor | Version | Tinstall | Tcheck | Ttotal | Status | Flags |
---|---|---|---|---|---|---|
r-devel-linux-x86_64-debian-clang | 1.3.4 | 103.70 | 451.40 | 555.10 | OK | |
r-devel-linux-x86_64-debian-gcc | 1.3.4 | 89.76 | 321.67 | 411.43 | OK | |
r-devel-linux-x86_64-fedora-clang | 1.3.4 | 744.01 | NOTE | |||
r-devel-linux-x86_64-fedora-gcc | 1.3.4 | 675.82 | NOTE | |||
r-devel-windows-x86_64 | 1.3.4 | 123.00 | 422.00 | 545.00 | NOTE | |
r-patched-linux-x86_64 | 1.3.4 | 100.76 | 436.77 | 537.53 | OK | |
r-release-linux-x86_64 | 1.3.4 | 104.74 | 446.60 | 551.34 | OK | |
r-release-macos-arm64 | 1.3.4 | 256.00 | NOTE | |||
r-release-macos-x86_64 | 1.3.4 | 374.00 | NOTE | |||
r-release-windows-x86_64 | 1.3.4 | 97.00 | 449.00 | 546.00 | NOTE | |
r-oldrel-macos-arm64 | 1.3.4 | 330.00 | NOTE | |||
r-oldrel-macos-x86_64 | 1.3.4 | 462.00 | NOTE | |||
r-oldrel-windows-x86_64 | 1.3.4 | 137.00 | 497.00 | 634.00 | NOTE |
Version: 1.3.4
Check: installed package size
Result: NOTE
installed size is 28.3Mb
sub-directories of 1Mb or more:
R 4.0Mb
exe 23.8Mb
Flavors: r-devel-linux-x86_64-fedora-clang, r-devel-windows-x86_64, r-release-macos-arm64, r-release-macos-x86_64, r-release-windows-x86_64, r-oldrel-macos-arm64, r-oldrel-macos-x86_64, r-oldrel-windows-x86_64
Version: 1.3.4
Check: dependencies in R code
Result: NOTE
Namespaces in Imports field not imported from:
‘Matrix’ ‘arules’ ‘pmml’ ‘rJava’
All declared Imports should be used.
Flavors: r-devel-linux-x86_64-fedora-clang, r-devel-linux-x86_64-fedora-gcc