Last updated on 2025-11-04 05:51:23 CET.
| Flavor | Version | Tinstall | Tcheck | Ttotal | Status | Flags | 
|---|---|---|---|---|---|---|
| r-devel-linux-x86_64-debian-clang | 1.3.9.3 | 9.83 | 85.14 | 94.97 | NOTE | |
| r-devel-linux-x86_64-debian-gcc | 1.3.9.3 | 5.79 | 63.74 | 69.53 | NOTE | |
| r-devel-linux-x86_64-fedora-clang | 1.3.9.3 | 22.00 | 120.52 | 142.52 | NOTE | |
| r-devel-linux-x86_64-fedora-gcc | 1.3.9.3 | 19.00 | 118.19 | 137.19 | NOTE | |
| r-devel-windows-x86_64 | 1.3.9.3 | 10.00 | 112.00 | 122.00 | NOTE | |
| r-patched-linux-x86_64 | 1.3.9.3 | 9.88 | 82.20 | 92.08 | OK | |
| r-release-linux-x86_64 | 1.3.9.3 | 9.35 | 81.13 | 90.48 | OK | |
| r-release-macos-arm64 | 1.3.9.3 | 5.00 | 38.00 | 43.00 | OK | |
| r-release-macos-x86_64 | 1.3.9.3 | 8.00 | 69.00 | 77.00 | OK | |
| r-release-windows-x86_64 | 1.3.9.3 | 11.00 | 107.00 | 118.00 | OK | |
| r-oldrel-macos-arm64 | 1.3.9.3 | 5.00 | 45.00 | 50.00 | OK | |
| r-oldrel-macos-x86_64 | 1.3.9.3 | 9.00 | 85.00 | 94.00 | OK | |
| r-oldrel-windows-x86_64 | 1.3.9.3 | 15.00 | 128.00 | 143.00 | OK | 
Version: 1.3.9.3
Check: Rd files
Result: NOTE
  checkRd: (-1) RMAWGEN-package.Rd:24-35: Only 2 columns allowed in this table (row 7 has 1)
Flavors: r-devel-linux-x86_64-debian-clang, r-devel-linux-x86_64-debian-gcc, r-devel-linux-x86_64-fedora-clang, r-devel-linux-x86_64-fedora-gcc, r-devel-windows-x86_64