CRAN Package Check Results for Package RMOAjars

Last updated on 2025-05-18 18:50:12 CEST.

Flavor Version Tinstall Tcheck Ttotal Status Flags
r-devel-linux-x86_64-debian-clang 1.2.0 2.82 26.70 29.52 NOTE
r-devel-linux-x86_64-debian-gcc 1.2.0 2.19 20.95 23.14 NOTE
r-devel-linux-x86_64-fedora-clang 1.2.0 47.19 OK
r-devel-linux-x86_64-fedora-gcc 1.2.0 58.25 OK
r-devel-windows-x86_64 1.2.0 4.00 46.00 50.00 OK
r-patched-linux-x86_64 1.2.0 2.70 25.15 27.85 OK
r-release-linux-x86_64 1.2.0 2.67 25.35 28.02 OK
r-release-macos-arm64 1.2.0 35.00 OK
r-release-macos-x86_64 1.2.0 55.00 OK
r-release-windows-x86_64 1.2.0 5.00 48.00 53.00 OK
r-oldrel-macos-arm64 1.2.0 25.00 OK
r-oldrel-macos-x86_64 1.2.0 39.00 OK
r-oldrel-windows-x86_64 1.2.0 3.00 46.00 49.00 OK

Check Details

Version: 1.2.0
Check: CRAN incoming feasibility
Result: NOTE Maintainer: ‘Jan Wijffels <jwijffels@bnosac.be>’ No Authors@R field in DESCRIPTION. Please add one, modifying Authors@R: c(person(given = c("See", "file"), family = "AUTHORS", role = "aut"), person(given = "Jan", family = "Wijffels", role = "cre", email = "jwijffels@bnosac.be")) as necessary. Flavors: r-devel-linux-x86_64-debian-clang, r-devel-linux-x86_64-debian-gcc