Last updated on 2024-04-26 07:51:59 CEST.
Flavor | Version | Tinstall | Tcheck | Ttotal | Status | Flags |
---|---|---|---|---|---|---|
r-devel-linux-x86_64-debian-clang | 1.0.10 | 22.08 | 116.12 | 138.20 | NOTE | |
r-devel-linux-x86_64-debian-gcc | 1.0.10 | 16.75 | 81.04 | 97.79 | NOTE | |
r-devel-linux-x86_64-fedora-clang | 1.0.10 | 169.31 | NOTE | |||
r-devel-linux-x86_64-fedora-gcc | 1.0.10 | 160.37 | NOTE | |||
r-devel-windows-x86_64 | 1.0.10 | 12.00 | 81.00 | 93.00 | NOTE | |
r-patched-linux-x86_64 | 1.0.10 | 24.51 | 109.56 | 134.07 | NOTE | |
r-release-linux-x86_64 | 1.0.10 | 18.48 | 97.26 | 115.74 | OK | |
r-release-macos-arm64 | 1.0.10 | 78.00 | NOTE | |||
r-release-windows-x86_64 | 1.0.10 | 12.00 | 79.00 | 91.00 | NOTE | |
r-oldrel-macos-arm64 | 1.0.10 | 47.00 | OK | |||
r-oldrel-macos-x86_64 | 1.0.10 | 83.00 | OK | |||
r-oldrel-windows-x86_64 | 1.0.10 | 15.00 | 87.00 | 102.00 | OK |
Version: 1.0.10
Check: Rd files
Result: NOTE
checkRd: (-1) NCEP.track2kml.Rd:36: Lost braces
36 | There are several options for specifying \code{col.scheme}. A single color may be specified for all points (using e.g. \code{'red'}, \code{2}, or \code{"#FF0000"}), specific colors may be given for each point (e.g. \code{c('red','blue','green', etc.)} or code{c('#FF0000','#0000FF','#00FF00', etc.)}), or the function can automatically assign colors, according to the values in \code{clo.variable}, if \code{col.scheme} is any color palette in \code{\link[RColorBrewer]{display.brewer.all}} or one of the recognizezd R color palettes (i.e. \code{'rainbow'}, \code{'heat.colors'}, \code{'terrain.colors'}, \code{'topo.colors'}, \code{'cm.colors'}, or \code{'bpy.colors'}). An alpha value (0-255) may be supplied to \code{point.alpha} to adjust transparencies.
| ^
Flavors: r-devel-linux-x86_64-debian-clang, r-devel-linux-x86_64-debian-gcc, r-devel-linux-x86_64-fedora-clang, r-devel-linux-x86_64-fedora-gcc, r-devel-windows-x86_64, r-patched-linux-x86_64, r-release-macos-arm64, r-release-windows-x86_64
Version: 1.0.10
Check: Rd cross-references
Result: NOTE
Undeclared packages ‘fossil’, ‘raster’ in Rd xrefs
Flavor: r-devel-linux-x86_64-fedora-clang