Last updated on 2024-04-23 06:57:11 CEST.
Flavor | Version | Tinstall | Tcheck | Ttotal | Status | Flags |
---|---|---|---|---|---|---|
r-devel-linux-x86_64-debian-clang | 2.4.11 | 21.89 | 192.57 | 214.46 | NOTE | |
r-devel-linux-x86_64-debian-gcc | 2.4.11 | 16.80 | 135.69 | 152.49 | NOTE | |
r-devel-linux-x86_64-fedora-clang | 2.4.11 | 254.88 | NOTE | |||
r-devel-linux-x86_64-fedora-gcc | 2.4.11 | 258.10 | NOTE | |||
r-prerel-macos-arm64 | 2.4.11 | 78.00 | NOTE | |||
r-prerel-windows-x86_64 | 2.4.11 | 18.00 | 145.00 | 163.00 | NOTE | |
r-patched-linux-x86_64 | 2.4.11 | 20.65 | 180.44 | 201.09 | NOTE | |
r-release-linux-x86_64 | 2.4.11 | 22.04 | 179.63 | 201.67 | OK | |
r-release-macos-arm64 | 2.4.11 | 82.00 | OK | |||
r-release-macos-x86_64 | 2.4.11 | 136.00 | OK | |||
r-release-windows-x86_64 | 2.4.11 | 25.00 | 187.00 | 212.00 | OK | |
r-oldrel-macos-arm64 | 2.4.11 | 64.00 | OK | |||
r-oldrel-windows-x86_64 | 2.4.11 | 30.00 | 185.00 | 215.00 | OK |
Version: 2.4.11
Check: Rd files
Result: NOTE
checkRd: (-1) nexml_get.Rd:30: Lost braces in \itemize; meant \describe ?
checkRd: (-1) nexml_get.Rd:31: Lost braces in \itemize; meant \describe ?
checkRd: (-1) nexml_get.Rd:32: Lost braces in \itemize; meant \describe ?
checkRd: (-1) nexml_get.Rd:33: Lost braces in \itemize; meant \describe ?
checkRd: (-1) nexml_get.Rd:34: Lost braces in \itemize; meant \describe ?
checkRd: (-1) nexml_get.Rd:35: Lost braces in \itemize; meant \describe ?
Flavors: r-devel-linux-x86_64-debian-clang, r-devel-linux-x86_64-debian-gcc, r-devel-linux-x86_64-fedora-clang, r-devel-linux-x86_64-fedora-gcc, r-prerel-macos-arm64, r-prerel-windows-x86_64, r-patched-linux-x86_64