Last updated on 2024-07-23 18:59:10 CEST.
Flavor | Version | Tinstall | Tcheck | Ttotal | Status | Flags |
---|---|---|---|---|---|---|
r-devel-linux-x86_64-debian-clang | 1.3.3 | 35.74 | 200.06 | 235.80 | OK | |
r-devel-linux-x86_64-debian-gcc | 1.3.3 | 36.09 | 150.56 | 186.65 | NOTE | |
r-devel-linux-x86_64-fedora-clang | 1.3.3 | 322.91 | OK | |||
r-devel-linux-x86_64-fedora-gcc | 1.3.3 | 309.06 | OK | |||
r-devel-windows-x86_64 | 1.3.3 | 37.00 | 160.00 | 197.00 | NOTE | |
r-patched-linux-x86_64 | 1.3.3 | 51.02 | 190.38 | 241.40 | OK | |
r-release-linux-x86_64 | 1.3.3 | 35.11 | 190.19 | 225.30 | OK | |
r-release-macos-arm64 | 1.3.3 | 74.00 | OK | |||
r-release-macos-x86_64 | 1.3.3 | 156.00 | OK | |||
r-release-windows-x86_64 | 1.3.3 | 35.00 | 160.00 | 195.00 | OK | |
r-oldrel-macos-arm64 | 1.3.3 | 103.00 | OK | |||
r-oldrel-macos-x86_64 | 1.3.3 | 178.00 | OK | |||
r-oldrel-windows-x86_64 | 1.3.3 | 47.00 | 199.00 | 246.00 | OK |
Version: 1.3.3
Check: Rd cross-references
Result: NOTE
Found the following Rd file(s) with Rd \link{} targets missing package
anchors:
ORobEstimate-class.Rd: ALEstimate-class, kStepEstimate-class
asAnscombe-class.Rd: asRisk-class
asL1-class.Rd: asGRisk-class, asMSE, asMSE-class
asL1.Rd: asMSE
asL4-class.Rd: asGRisk-class, asMSE, asMSE-class
asL4.Rd: asMSE
checkmakeIC.Rd: IC-class
Please provide package anchors for all Rd \link{} targets not in the
package itself and the base packages.
Flavors: r-devel-linux-x86_64-debian-gcc, r-devel-windows-x86_64