Last updated on 2024-03-28 06:01:37 CET.
Flavor | Version | Tinstall | Tcheck | Ttotal | Status | Flags |
---|---|---|---|---|---|---|
r-devel-linux-x86_64-debian-clang | 0.10.6 | 14.82 | 106.45 | 121.27 | OK | |
r-devel-linux-x86_64-debian-gcc | 0.10.6 | 11.52 | 77.96 | 89.48 | OK | |
r-devel-linux-x86_64-fedora-clang | 0.10.6 | 149.18 | OK | |||
r-devel-linux-x86_64-fedora-gcc | 0.10.6 | 142.70 | OK | |||
r-devel-windows-x86_64 | 0.10.6 | 11.00 | 85.00 | 96.00 | OK | |
r-patched-linux-x86_64 | 0.10.6 | 14.29 | 94.57 | 108.86 | OK | |
r-release-linux-x86_64 | 0.10.6 | 10.85 | 91.41 | 102.26 | OK | |
r-release-macos-arm64 | 0.10.6 | 45.00 | OK | |||
r-release-macos-x86_64 | 0.10.6 | 75.00 | NOTE | |||
r-release-windows-x86_64 | 0.10.6 | 14.00 | 101.00 | 115.00 | OK | |
r-oldrel-macos-arm64 | 0.10.6 | 63.00 | OK | |||
r-oldrel-windows-x86_64 | 0.10.6 | 15.00 | 104.00 | 119.00 | OK |
Version: 0.10.6
Check: package dependencies
Result: NOTE
Packages suggested but not available for checking: 'fields', 'qgraph'
Flavor: r-release-macos-x86_64