Last updated on 2024-07-03 18:57:46 CEST.
Flavor | Version | Tinstall | Tcheck | Ttotal | Status | Flags |
---|---|---|---|---|---|---|
r-devel-linux-x86_64-debian-clang | 2.3.7 | 169.89 | 88.33 | 258.22 | NOTE | |
r-devel-linux-x86_64-debian-gcc | 2.3.7 | 171.15 | 65.31 | 236.46 | NOTE | |
r-devel-linux-x86_64-fedora-clang | 2.3.7 | 368.83 | NOTE | |||
r-devel-linux-x86_64-fedora-gcc | 2.3.7 | 462.69 | NOTE | |||
r-devel-windows-x86_64 | 2.3.7 | 195.00 | 120.00 | 315.00 | NOTE | |
r-patched-linux-x86_64 | 2.3.7 | 196.23 | 83.11 | 279.34 | OK | |
r-release-linux-x86_64 | 2.3.7 | 190.28 | 84.10 | 274.38 | OK | |
r-release-macos-arm64 | 2.3.7 | 108.00 | NOTE | |||
r-release-macos-x86_64 | 2.3.7 | 136.00 | NOTE | |||
r-release-windows-x86_64 | 2.3.7 | 191.00 | 118.00 | 309.00 | OK | |
r-oldrel-macos-arm64 | 2.3.7 | 115.00 | NOTE | |||
r-oldrel-macos-x86_64 | 2.3.7 | 209.00 | NOTE | |||
r-oldrel-windows-x86_64 | 2.3.7 | 226.00 | 137.00 | 363.00 | OK |
Version: 2.3.7
Check: compiled code
Result: NOTE
File ‘RSQLite/libs/RSQLite.so’:
Found non-API calls to R: ‘SETLENGTH’, ‘SET_GROWABLE_BIT’,
‘SET_TRUELENGTH’
Compiled code should not call non-API entry points in R.
See ‘Writing portable packages’ in the ‘Writing R Extensions’ manual.
See section ‘Moving into C API compliance’ in the ‘Writing R
Extensions’ manual for issues with use of non-API entry points.
Flavor: r-devel-linux-x86_64-debian-clang
Version: 2.3.7
Check: compiled code
Result: NOTE
File ‘RSQLite/libs/RSQLite.so’:
Found non-API calls to R: ‘SETLENGTH’, ‘SET_GROWABLE_BIT’,
‘SET_TRUELENGTH’
Compiled code should not call non-API entry points in R.
See ‘Writing portable packages’ in the ‘Writing R Extensions’ manual,
and section ‘Moving into C API compliance’ for issues with the use of
non-API entry points.
Flavors: r-devel-linux-x86_64-debian-gcc, r-devel-linux-x86_64-fedora-clang, r-devel-linux-x86_64-fedora-gcc
Version: 2.3.7
Check: compiled code
Result: NOTE
File 'RSQLite/libs/x64/RSQLite.dll':
Found non-API calls to R: 'SETLENGTH', 'SET_GROWABLE_BIT',
'SET_TRUELENGTH'
Compiled code should not call non-API entry points in R.
See 'Writing portable packages' in the 'Writing R Extensions' manual.
See section 'Moving into C API compliance' in the 'Writing R
Extensions' manual for issues with use of non-API entry points.
Flavor: r-devel-windows-x86_64
Version: 2.3.7
Check: installed package size
Result: NOTE
installed size is 12.3Mb
sub-directories of 1Mb or more:
libs 11.6Mb
Flavors: r-release-macos-arm64, r-release-macos-x86_64, r-oldrel-macos-arm64, r-oldrel-macos-x86_64