Last updated on 2024-07-03 18:57:46 CEST.
Flavor | Version | Tinstall | Tcheck | Ttotal | Status | Flags |
---|---|---|---|---|---|---|
r-devel-linux-x86_64-debian-clang | 1.0 | 5.52 | 39.95 | 45.47 | NOTE | |
r-devel-linux-x86_64-debian-gcc | 1.0 | 4.53 | 28.38 | 32.91 | NOTE | |
r-devel-linux-x86_64-fedora-clang | 1.0 | 58.14 | NOTE | |||
r-devel-linux-x86_64-fedora-gcc | 1.0 | 52.20 | NOTE | |||
r-devel-windows-x86_64 | 1.0 | 5.00 | 49.00 | 54.00 | NOTE | |
r-patched-linux-x86_64 | 1.0 | 6.48 | 38.19 | 44.67 | NOTE | |
r-release-linux-x86_64 | 1.0 | 6.74 | 38.11 | 44.85 | NOTE | |
r-release-macos-arm64 | 1.0 | 19.00 | NOTE | |||
r-release-macos-x86_64 | 1.0 | 27.00 | NOTE | |||
r-release-windows-x86_64 | 1.0 | 7.00 | 48.00 | 55.00 | NOTE | |
r-oldrel-macos-arm64 | 1.0 | 20.00 | NOTE | |||
r-oldrel-macos-x86_64 | 1.0 | 29.00 | NOTE | |||
r-oldrel-windows-x86_64 | 1.0 | 7.00 | 53.00 | 60.00 | NOTE |
Version: 1.0
Check: LazyData
Result: NOTE
'LazyData' is specified without a 'data' directory
Flavors: r-devel-linux-x86_64-debian-clang, r-devel-linux-x86_64-debian-gcc, r-devel-linux-x86_64-fedora-clang, r-devel-linux-x86_64-fedora-gcc, r-devel-windows-x86_64, r-patched-linux-x86_64, r-release-linux-x86_64, r-release-macos-arm64, r-release-macos-x86_64, r-release-windows-x86_64, r-oldrel-macos-arm64, r-oldrel-macos-x86_64, r-oldrel-windows-x86_64