Last updated on 2024-04-18 18:58:01 CEST.
Flavor | Version | Tinstall | Tcheck | Ttotal | Status | Flags |
---|---|---|---|---|---|---|
r-devel-linux-x86_64-debian-clang | 0.7-10 | 4.55 | 21.99 | 26.54 | OK | |
r-devel-linux-x86_64-debian-gcc | 0.7-10 | 3.85 | 17.52 | 21.37 | OK | |
r-devel-linux-x86_64-fedora-clang | 0.7-10 | 33.92 | OK | |||
r-devel-linux-x86_64-fedora-gcc | 0.7-10 | 33.16 | OK | |||
r-prerel-macos-arm64 | 0.7-10 | 16.00 | OK | |||
r-prerel-windows-x86_64 | 0.7-10 | 10.00 | 92.00 | 102.00 | NOTE | |
r-patched-linux-x86_64 | 0.7-10 | 4.54 | 22.10 | 26.64 | OK | |
r-release-linux-x86_64 | 0.7-10 | 4.76 | 21.26 | 26.02 | OK | |
r-release-macos-arm64 | 0.7-10 | 21.00 | OK | |||
r-release-macos-x86_64 | 0.7-10 | 40.00 | OK | |||
r-release-windows-x86_64 | 0.7-10 | 16.00 | 97.00 | 113.00 | OK | |
r-oldrel-macos-arm64 | 0.7-10 | 20.00 | OK | |||
r-oldrel-windows-x86_64 | 0.7-10 | 14.00 | 61.00 | 75.00 | OK |
Version: 0.7-10
Check: installed package size
Result: NOTE
installed size is 5.2Mb
sub-directories of 1Mb or more:
libs 5.1Mb
Flavor: r-prerel-windows-x86_64