Last updated on 2024-04-18 06:57:55 CEST.
Flavor | Version | Tinstall | Tcheck | Ttotal | Status | Flags |
---|---|---|---|---|---|---|
r-devel-linux-x86_64-debian-clang | 0.9-83-7 | 19.92 | 144.34 | 164.26 | NOTE | |
r-devel-linux-x86_64-debian-gcc | 0.9-83-7 | 16.42 | 104.49 | 120.91 | NOTE | |
r-devel-linux-x86_64-fedora-clang | 0.9-83-7 | 203.43 | NOTE | |||
r-devel-linux-x86_64-fedora-gcc | 0.9-83-7 | 123.87 | NOTE | |||
r-prerel-macos-arm64 | 0.9-83-7 | 50.00 | NOTE | |||
r-prerel-windows-x86_64 | 0.9-83-7 | 20.00 | 138.00 | 158.00 | NOTE | |
r-patched-linux-x86_64 | 0.9-83-7 | 34.72 | 139.80 | 174.52 | NOTE | |
r-release-linux-x86_64 | 0.9-83-7 | 15.72 | 139.50 | 155.22 | NOTE | |
r-release-macos-arm64 | 0.9-83-7 | 50.00 | NOTE | |||
r-release-macos-x86_64 | 0.9-83-7 | 149.00 | NOTE | |||
r-release-windows-x86_64 | 0.9-83-7 | 26.00 | 185.00 | 211.00 | NOTE | |
r-oldrel-macos-arm64 | 0.9-83-7 | 51.00 | NOTE | |||
r-oldrel-windows-x86_64 | 0.9-83-7 | 26.00 | 173.00 | 199.00 | NOTE |
Version: 0.9-83-7
Check: package dependencies
Result: NOTE
Package which this enhances but not available for checking: ‘glmmADMB’
Flavors: r-devel-linux-x86_64-debian-clang, r-devel-linux-x86_64-debian-gcc, r-devel-linux-x86_64-fedora-clang, r-devel-linux-x86_64-fedora-gcc, r-prerel-macos-arm64, r-prerel-windows-x86_64, r-patched-linux-x86_64, r-release-linux-x86_64, r-release-macos-arm64, r-release-macos-x86_64, r-release-windows-x86_64, r-oldrel-macos-arm64, r-oldrel-windows-x86_64