Last updated on 2024-04-19 06:56:30 CEST.
Flavor | Version | Tinstall | Tcheck | Ttotal | Status | Flags |
---|---|---|---|---|---|---|
r-devel-linux-x86_64-debian-clang | 1.7.1.8 | 1.88 | 14.46 | 16.34 | NOTE | |
r-devel-linux-x86_64-debian-gcc | 1.7.1.8 | NOTE | ||||
r-devel-linux-x86_64-fedora-clang | 1.7.1.8 | 22.19 | NOTE | |||
r-devel-linux-x86_64-fedora-gcc | 1.7.1.8 | 22.14 | NOTE | |||
r-prerel-macos-arm64 | 1.7.1.8 | 13.00 | NOTE | |||
r-prerel-windows-x86_64 | 1.7.1.8 | 6.00 | 33.00 | 39.00 | NOTE | |
r-patched-linux-x86_64 | 1.7.1.8 | 1.66 | 14.48 | 16.14 | NOTE | |
r-release-linux-x86_64 | 1.7.1.8 | 2.46 | 14.36 | 16.82 | NOTE | |
r-release-macos-arm64 | 1.7.1.8 | 14.00 | NOTE | |||
r-release-macos-x86_64 | 1.7.1.8 | 16.00 | NOTE | |||
r-release-windows-x86_64 | 1.7.1.8 | 4.00 | 30.00 | 34.00 | NOTE | |
r-oldrel-macos-arm64 | 1.7.1.8 | 12.00 | NOTE | |||
r-oldrel-windows-x86_64 | 1.7.1.8 | 18.00 | 40.00 | 58.00 | NOTE |
Version: 1.7.1.8
Check: package dependencies
Result: NOTE
Package suggested but not available for checking: ‘gpuR’
Flavors: r-devel-linux-x86_64-debian-clang, r-devel-linux-x86_64-debian-gcc, r-devel-linux-x86_64-fedora-clang, r-devel-linux-x86_64-fedora-gcc, r-prerel-macos-arm64, r-prerel-windows-x86_64, r-patched-linux-x86_64, r-release-linux-x86_64, r-release-macos-arm64, r-release-macos-x86_64, r-release-windows-x86_64, r-oldrel-macos-arm64, r-oldrel-windows-x86_64
Version: 1.7.1.8
Check: installed package size
Result: NOTE
installed size is 5.3Mb
sub-directories of 1Mb or more:
include 5.3Mb
Flavors: r-devel-linux-x86_64-fedora-clang, r-prerel-macos-arm64, r-prerel-windows-x86_64, r-release-macos-arm64, r-release-macos-x86_64, r-release-windows-x86_64, r-oldrel-macos-arm64, r-oldrel-windows-x86_64