Last updated on 2025-04-16 18:50:15 CEST.
Flavor | Version | Tinstall | Tcheck | Ttotal | Status | Flags |
---|---|---|---|---|---|---|
r-devel-linux-x86_64-debian-clang | 0.6.4 | 19.93 | 92.53 | 112.46 | NOTE | |
r-devel-linux-x86_64-debian-gcc | 0.6.4 | 12.63 | 64.00 | 76.63 | NOTE | |
r-devel-linux-x86_64-fedora-clang | 0.6.4 | 190.74 | NOTE | |||
r-devel-linux-x86_64-fedora-gcc | 0.6.4 | 199.13 | NOTE | |||
r-devel-windows-x86_64 | 0.6.4 | 23.00 | 122.00 | 145.00 | NOTE | |
r-patched-linux-x86_64 | 0.6.4 | 19.59 | 87.95 | 107.54 | NOTE | |
r-release-linux-x86_64 | 0.6.4 | 19.88 | 86.49 | 106.37 | NOTE | |
r-release-macos-arm64 | 0.6.4 | 66.00 | NOTE | |||
r-release-macos-x86_64 | 0.6.4 | 113.00 | NOTE | |||
r-release-windows-x86_64 | 0.6.4 | 26.00 | 123.00 | 149.00 | NOTE | |
r-oldrel-macos-arm64 | 0.6.4 | 60.00 | NOTE | |||
r-oldrel-macos-x86_64 | 0.6.4 | 132.00 | NOTE | |||
r-oldrel-windows-x86_64 | 0.6.4 | 28.00 | 152.00 | 180.00 | NOTE |
Version: 0.6.4
Check: C++ specification
Result: NOTE
Specified C++11: please drop specification unless essential
Flavors: r-devel-linux-x86_64-debian-clang, r-devel-linux-x86_64-debian-gcc, r-devel-linux-x86_64-fedora-clang, r-devel-linux-x86_64-fedora-gcc, r-devel-windows-x86_64, r-patched-linux-x86_64, r-release-linux-x86_64, r-release-macos-arm64, r-release-macos-x86_64, r-release-windows-x86_64, r-oldrel-macos-arm64, r-oldrel-macos-x86_64, r-oldrel-windows-x86_64