Last updated on 2024-04-24 07:15:17 CEST.
Flavor | Version | Tinstall | Tcheck | Ttotal | Status | Flags |
---|---|---|---|---|---|---|
r-devel-linux-x86_64-debian-clang | 3.9.3-2 | 5.22 | 29.55 | 34.77 | OK | |
r-devel-linux-x86_64-debian-gcc | 3.9.3-2 | 3.42 | 21.70 | 25.12 | OK | |
r-devel-linux-x86_64-fedora-clang | 3.9.3-2 | 41.99 | NOTE | |||
r-devel-linux-x86_64-fedora-gcc | 3.9.3-2 | 41.95 | OK | |||
r-prerel-macos-arm64 | 3.9.3-2 | 18.00 | NOTE | |||
r-prerel-windows-x86_64 | 3.9.3-2 | 4.00 | 33.00 | 37.00 | NOTE | |
r-patched-linux-x86_64 | 3.9.3-2 | 3.68 | 28.73 | 32.41 | OK | |
r-release-linux-x86_64 | 3.9.3-2 | 4.77 | 27.81 | 32.58 | OK | |
r-release-macos-arm64 | 3.9.3-2 | 20.00 | NOTE | |||
r-release-macos-x86_64 | 3.9.3-2 | 28.00 | NOTE | |||
r-release-windows-x86_64 | 3.9.3-2 | 7.00 | 39.00 | 46.00 | NOTE | |
r-oldrel-macos-arm64 | 3.9.3-2 | 18.00 | NOTE | |||
r-oldrel-windows-x86_64 | 3.9.3-2 | 7.00 | 43.00 | 50.00 | NOTE |
Version: 3.9.3-2
Check: installed package size
Result: NOTE
installed size is 10.8Mb
sub-directories of 1Mb or more:
java 10.7Mb
Flavors: r-devel-linux-x86_64-fedora-clang, r-prerel-macos-arm64, r-prerel-windows-x86_64, r-release-macos-arm64, r-release-macos-x86_64, r-release-windows-x86_64, r-oldrel-macos-arm64, r-oldrel-windows-x86_64