Last updated on 2024-04-19 19:50:26 CEST.
Flavor | Version | Tinstall | Tcheck | Ttotal | Status | Flags |
---|---|---|---|---|---|---|
r-devel-linux-x86_64-debian-clang | 0.2.1 | 119.72 | 28.96 | 148.68 | NOTE | |
r-devel-linux-x86_64-debian-gcc | 0.2.1 | NOTE | ||||
r-devel-linux-x86_64-fedora-clang | 0.2.1 | 214.07 | NOTE | |||
r-devel-linux-x86_64-fedora-gcc | 0.2.1 | 224.06 | NOTE | |||
r-prerel-macos-arm64 | 0.2.1 | 42.00 | NOTE | |||
r-prerel-windows-x86_64 | 0.2.1 | 88.00 | 67.00 | 155.00 | NOTE | |
r-patched-linux-x86_64 | 0.2.1 | 116.36 | 31.70 | 148.06 | NOTE | |
r-release-linux-x86_64 | 0.2.1 | 118.03 | 30.72 | 148.75 | OK | |
r-release-macos-arm64 | 0.2.1 | 65.00 | NOTE | |||
r-release-macos-x86_64 | 0.2.1 | 84.00 | NOTE | |||
r-release-windows-x86_64 | 0.2.1 | 108.00 | 81.00 | 189.00 | OK | |
r-oldrel-macos-arm64 | 0.2.1 | 48.00 | NOTE | |||
r-oldrel-windows-x86_64 | 0.2.1 | 101.00 | 74.00 | 175.00 | OK |
Version: 0.2.1
Check: Rd files
Result: NOTE
checkRd: (-1) ZigZagLogistic.Rd:11: Lost braces; missing escapes or markup?
11 | \item{dataX}{Design matrix containing observations of the independent variables x. The i-th row represents the i-th observation with components x_{i,1}, ..., x_{i,d}.}
| ^
checkRd: (-1) ZigZagLogistic.Rd:11: Lost braces; missing escapes or markup?
11 | \item{dataX}{Design matrix containing observations of the independent variables x. The i-th row represents the i-th observation with components x_{i,1}, ..., x_{i,d}.}
| ^
checkRd: (-1) ZigZagLogistic.Rd:13: Lost braces; missing escapes or markup?
13 | \item{dataY}{Vector of length n containing {0, 1}-valued observations of the dependent variable y.}
| ^
Flavors: r-devel-linux-x86_64-debian-clang, r-devel-linux-x86_64-debian-gcc, r-devel-linux-x86_64-fedora-clang, r-devel-linux-x86_64-fedora-gcc, r-prerel-macos-arm64, r-prerel-windows-x86_64, r-patched-linux-x86_64
Version: 0.2.1
Check: installed package size
Result: NOTE
installed size is 15.5Mb
sub-directories of 1Mb or more:
libs 15.4Mb
Flavors: r-prerel-macos-arm64, r-release-macos-arm64, r-release-macos-x86_64, r-oldrel-macos-arm64