Last updated on 2025-07-27 06:49:36 CEST.
Flavor | Version | Tinstall | Tcheck | Ttotal | Status | Flags |
---|---|---|---|---|---|---|
r-devel-linux-x86_64-debian-clang | 1.0 | 83.44 | 28.44 | 111.88 | OK | |
r-devel-linux-x86_64-debian-gcc | 1.0 | 59.66 | 22.92 | 82.58 | OK | |
r-devel-linux-x86_64-fedora-clang | 1.0 | 196.48 | OK | |||
r-devel-linux-x86_64-fedora-gcc | 1.0 | 192.55 | OK | |||
r-devel-windows-x86_64 | 1.0 | 91.00 | 96.00 | 187.00 | OK | |
r-patched-linux-x86_64 | 1.0 | 88.20 | 25.94 | 114.14 | OK | |
r-release-linux-x86_64 | 1.0 | 84.33 | 26.16 | 110.49 | OK | |
r-release-macos-arm64 | 1.0 | 43.00 | OK | |||
r-release-macos-x86_64 | 1.0 | 51.00 | OK | |||
r-release-windows-x86_64 | 1.0 | 88.00 | 86.00 | 174.00 | OK | |
r-oldrel-macos-arm64 | 1.0 | 52.00 | NOTE | |||
r-oldrel-macos-x86_64 | 1.0 | 77.00 | NOTE | |||
r-oldrel-windows-x86_64 | 1.0 | 100.00 | 103.00 | 203.00 | OK |
Version: 1.0
Check: installed package size
Result: NOTE
installed size is 6.5Mb
sub-directories of 1Mb or more:
libs 5.8Mb
Flavors: r-oldrel-macos-arm64, r-oldrel-macos-x86_64