Last updated on 2024-05-11 06:52:57 CEST.
Flavor | Version | Tinstall | Tcheck | Ttotal | Status | Flags |
---|---|---|---|---|---|---|
r-devel-linux-x86_64-debian-clang | 2.2.2 | 38.36 | 198.47 | 236.83 | OK | |
r-devel-linux-x86_64-debian-gcc | 2.2.2 | 31.10 | 144.04 | 175.14 | OK | |
r-devel-linux-x86_64-fedora-clang | 2.2.2 | 304.21 | OK | |||
r-devel-linux-x86_64-fedora-gcc | 2.2.2 | 310.82 | OK | |||
r-devel-windows-x86_64 | 2.2.2 | 31.00 | 191.00 | 222.00 | OK | |
r-patched-linux-x86_64 | 2.2.2 | 40.60 | 188.35 | 228.95 | OK | |
r-release-linux-x86_64 | 2.2.0 | 27.18 | 186.62 | 213.80 | NOTE | |
r-release-macos-arm64 | 2.2.2 | 79.00 | OK | |||
r-release-macos-x86_64 | 2.2.2 | 238.00 | OK | |||
r-release-windows-x86_64 | 2.2.2 | 37.00 | 190.00 | 227.00 | OK | |
r-oldrel-macos-arm64 | 2.2.2 | 90.00 | OK | |||
r-oldrel-macos-x86_64 | 2.2.2 | 173.00 | OK | |||
r-oldrel-windows-x86_64 | 2.2.2 | 29.00 | 214.00 | 243.00 | OK |
Version: 2.2.0
Check: Rd files
Result: NOTE
checkRd: (-1) rvn_dist_lonlat.Rd:14: Lost braces; missing escapes or markup?
14 | \item{method}{calculation method as either \code{haversine} (default) or {vincentysphere}}
| ^
checkRd: (-1) rvn_gen_obsweights.Rd:29: Lost braces
29 | {wts}{returns numeric vector of weights}
| ^
checkRd: (-1) rvn_hyd_dygraph.Rd:27: Lost braces
27 | {res}{ a list of plot handles to dygraph plots}
| ^
checkRd: (-1) rvn_hydrograph_data.Rd:19: Lost braces in \itemize; meant \describe ?
checkRd: (-1) rvn_hydrograph_data.Rd:20: Lost braces in \itemize; meant \describe ?
checkRd: (-1) rvn_hydrograph_data.Rd:21: Lost braces in \itemize; meant \describe ?
checkRd: (-1) rvn_hydrograph_data.Rd:22: Lost braces in \itemize; meant \describe ?
checkRd: (-1) rvn_hydrograph_data.Rd:23: Lost braces in \itemize; meant \describe ?
checkRd: (-1) rvn_rvh_query.Rd:17: Lost braces
17 | {rvh}{rvh object in same format, but queried to condition and all features (SBtable, HRUtable, SBnetwork) updated.}
| ^
checkRd: (-1) rvn_rvh_subbasin_visnetwork_plot.Rd:15: Lost braces
15 | {p1}{returns visNetwork plot object}
| ^
checkRd: (-1) rvn_rvi_process_ggplot.Rd:40: Lost braces
40 | {p1}{returns ggplot object. Also generates a .pdf file in working directory if pdfplot argument is not NULL.}
| ^
Flavor: r-release-linux-x86_64