Last updated on 2024-03-28 06:01:35 CET.
Flavor | Version | Tinstall | Tcheck | Ttotal | Status | Flags |
---|---|---|---|---|---|---|
r-devel-linux-x86_64-debian-clang | 0.3-7 | 308.67 | 46.74 | 355.41 | OK | |
r-devel-linux-x86_64-debian-gcc | 0.3-7 | 235.92 | 35.92 | 271.84 | OK | |
r-devel-linux-x86_64-fedora-clang | 0.3-7 | 587.43 | OK | |||
r-devel-linux-x86_64-fedora-gcc | 0.3-7 | 534.19 | OK | |||
r-devel-windows-x86_64 | 0.3-7 | 231.00 | 91.00 | 322.00 | OK | |
r-patched-linux-x86_64 | 0.3-7 | 298.00 | 44.91 | 342.91 | OK | |
r-release-linux-x86_64 | 0.3-7 | 298.66 | 43.24 | 341.90 | OK | |
r-release-macos-arm64 | 0.3-7 | 101.00 | NOTE | |||
r-release-macos-x86_64 | 0.3-7 | 136.00 | NOTE | |||
r-release-windows-x86_64 | 0.3-7 | 215.00 | 102.00 | 317.00 | OK | |
r-oldrel-macos-arm64 | 0.3-7 | 97.00 | NOTE | |||
r-oldrel-windows-x86_64 | 0.3-7 | 254.00 | 99.00 | 353.00 | OK |
Version: 0.3-7
Check: installed package size
Result: NOTE
installed size is 14.0Mb
sub-directories of 1Mb or more:
libs 13.8Mb
Flavors: r-release-macos-arm64, r-release-macos-x86_64, r-oldrel-macos-arm64