Last updated on 2025-04-15 06:51:53 CEST.
Flavor | Version | Tinstall | Tcheck | Ttotal | Status | Flags |
---|---|---|---|---|---|---|
r-devel-linux-x86_64-debian-clang | 0.2-2 | 18.12 | 130.25 | 148.37 | NOTE | |
r-devel-linux-x86_64-debian-gcc | 0.2-2 | 13.59 | 96.82 | 110.41 | NOTE | |
r-devel-linux-x86_64-fedora-clang | 0.2-2 | 251.99 | OK | |||
r-devel-linux-x86_64-fedora-gcc | 0.2-2 | 248.38 | OK | |||
r-devel-windows-x86_64 | 0.2-2 | 18.00 | 218.00 | 236.00 | NOTE | |
r-patched-linux-x86_64 | 0.2-2 | 18.17 | 125.65 | 143.82 | NOTE | |
r-release-linux-x86_64 | 0.2-2 | 17.29 | 126.00 | 143.29 | NOTE | |
r-release-macos-arm64 | 0.2-2 | 89.00 | OK | |||
r-release-macos-x86_64 | 0.2-2 | 147.00 | OK | |||
r-release-windows-x86_64 | 0.2-2 | 18.00 | 185.00 | 203.00 | NOTE | |
r-oldrel-macos-arm64 | 0.2-2 | 86.00 | OK | |||
r-oldrel-macos-x86_64 | 0.2-2 | 111.00 | OK | |||
r-oldrel-windows-x86_64 | 0.2-2 | 25.00 | 171.00 | 196.00 | OK |
Version: 0.2-2
Check: Rd cross-references
Result: NOTE
Found the following Rd file(s) with Rd \link{} targets missing package
anchors:
RcmdrPlugin.BWS2-package.Rd: DoE.base, Rcmdr, support.BWS2,
support.CEs, survival
Please provide package anchors for all Rd \link{} targets not in the
package itself and the base packages.
Flavors: r-devel-linux-x86_64-debian-clang, r-devel-linux-x86_64-debian-gcc, r-devel-windows-x86_64, r-patched-linux-x86_64, r-release-linux-x86_64, r-release-windows-x86_64