Last updated on 2024-07-23 18:59:09 CEST.
Flavor | Version | Tinstall | Tcheck | Ttotal | Status | Flags |
---|---|---|---|---|---|---|
r-devel-linux-x86_64-debian-clang | 0.2-3 | 23.69 | 172.09 | 195.78 | OK | |
r-devel-linux-x86_64-debian-gcc | 0.2-3 | 17.56 | 124.97 | 142.53 | NOTE | |
r-devel-linux-x86_64-fedora-clang | 0.2-3 | 252.16 | OK | |||
r-devel-linux-x86_64-fedora-gcc | 0.2-3 | 252.40 | OK | |||
r-devel-windows-x86_64 | 0.2-3 | 29.00 | 174.00 | 203.00 | NOTE | |
r-patched-linux-x86_64 | 0.2-3 | 28.60 | 162.45 | 191.05 | OK | |
r-release-linux-x86_64 | 0.2-3 | 18.42 | 165.96 | 184.38 | OK | |
r-release-macos-arm64 | 0.2-3 | 86.00 | OK | |||
r-release-macos-x86_64 | 0.2-3 | 111.00 | OK | |||
r-release-windows-x86_64 | 0.2-3 | 23.00 | 176.00 | 199.00 | OK | |
r-oldrel-macos-arm64 | 0.2-3 | 71.00 | OK | |||
r-oldrel-macos-x86_64 | 0.2-3 | 242.00 | OK | |||
r-oldrel-windows-x86_64 | 0.2-3 | 22.00 | 159.00 | 181.00 | OK |
Version: 0.2-3
Check: Rd cross-references
Result: NOTE
Found the following Rd file(s) with Rd \link{} targets missing package
anchors:
RcmdrPlugin.BWS3-package.Rd: support.BWS3, support.CEs, Rcmdr
Please provide package anchors for all Rd \link{} targets not in the
package itself and the base packages.
Flavors: r-devel-linux-x86_64-debian-gcc, r-devel-windows-x86_64