Last updated on 2025-04-29 18:50:52 CEST.
Flavor | Version | Tinstall | Tcheck | Ttotal | Status | Flags |
---|---|---|---|---|---|---|
r-devel-linux-x86_64-debian-clang | 14.4.2-1 | 32.43 | 196.39 | 228.82 | OK | |
r-devel-linux-x86_64-debian-gcc | 14.4.2-1 | 22.51 | 139.66 | 162.17 | OK | |
r-devel-linux-x86_64-fedora-clang | 14.4.2-1 | 419.81 | OK | |||
r-devel-linux-x86_64-fedora-gcc | 14.4.2-1 | 443.74 | OK | |||
r-devel-windows-x86_64 | 14.4.2-1 | 62.00 | 304.00 | 366.00 | OK | |
r-patched-linux-x86_64 | 14.4.1-1 | 30.10 | 191.55 | 221.65 | OK | |
r-release-linux-x86_64 | 14.4.2-1 | 30.62 | 191.42 | 222.04 | OK | |
r-release-macos-arm64 | 14.4.2-1 | 147.00 | OK | |||
r-release-macos-x86_64 | 14.4.2-1 | 266.00 | OK | |||
r-release-windows-x86_64 | 14.4.2-1 | 64.00 | 284.00 | 348.00 | OK | |
r-oldrel-macos-arm64 | 14.4.2-1 | 132.00 | NOTE | |||
r-oldrel-macos-x86_64 | 14.4.2-1 | 265.00 | NOTE | |||
r-oldrel-windows-x86_64 | 14.4.2-1 | 42.00 | 263.00 | 305.00 | NOTE |
Version: 14.4.2-1
Check: installed package size
Result: NOTE
installed size is 9.6Mb
sub-directories of 1Mb or more:
include 6.6Mb
libs 2.2Mb
Flavors: r-oldrel-macos-arm64, r-oldrel-macos-x86_64, r-oldrel-windows-x86_64