Last updated on 2025-04-16 18:50:14 CEST.
Flavor | Version | Tinstall | Tcheck | Ttotal | Status | Flags |
---|---|---|---|---|---|---|
r-devel-linux-x86_64-debian-clang | 0.2.7 | 66.79 | 68.21 | 135.00 | OK | |
r-devel-linux-x86_64-debian-gcc | 0.2.7 | 53.34 | 45.31 | 98.65 | OK | |
r-devel-linux-x86_64-fedora-clang | 0.2.7 | 235.81 | OK | |||
r-devel-linux-x86_64-fedora-gcc | 0.2.7 | 257.44 | OK | |||
r-devel-windows-x86_64 | 0.2.7 | 80.00 | 114.00 | 194.00 | OK | |
r-patched-linux-x86_64 | 0.2.7 | 75.33 | 65.33 | 140.66 | OK | |
r-release-linux-x86_64 | 0.2.7 | 72.35 | 63.96 | 136.31 | OK | |
r-release-macos-arm64 | 0.2.7 | 58.00 | OK | |||
r-release-macos-x86_64 | 0.2.7 | 80.00 | OK | |||
r-release-windows-x86_64 | 0.2.7 | 85.00 | 118.00 | 203.00 | OK | |
r-oldrel-macos-arm64 | 0.2.7 | 68.00 | NOTE | |||
r-oldrel-macos-x86_64 | 0.2.7 | 105.00 | NOTE | |||
r-oldrel-windows-x86_64 | 0.2.7 | 72.00 | 137.00 | 209.00 | OK |
Version: 0.2.7
Check: installed package size
Result: NOTE
installed size is 9.6Mb
sub-directories of 1Mb or more:
libs 9.4Mb
Flavors: r-oldrel-macos-arm64, r-oldrel-macos-x86_64