Last updated on 2024-07-03 18:57:45 CEST.
Flavor | Version | Tinstall | Tcheck | Ttotal | Status | Flags |
---|---|---|---|---|---|---|
r-devel-linux-x86_64-debian-clang | 1.0.1 | 96.75 | 241.89 | 338.64 | OK | |
r-devel-linux-x86_64-debian-gcc | 1.0.1 | 72.67 | 131.68 | 204.35 | OK | |
r-devel-linux-x86_64-fedora-clang | 1.0.1 | 458.49 | NOTE | |||
r-devel-linux-x86_64-fedora-gcc | 1.0.1 | 421.16 | OK | |||
r-devel-windows-x86_64 | 1.0.1 | 118.00 | 219.00 | 337.00 | NOTE | |
r-patched-linux-x86_64 | 1.0.1 | 98.20 | 178.02 | 276.22 | OK | |
r-release-linux-x86_64 | 1.0.1 | 91.69 | 178.51 | 270.20 | OK | |
r-release-macos-arm64 | 1.0.1 | 79.00 | NOTE | |||
r-release-macos-x86_64 | 1.0.1 | 123.00 | NOTE | |||
r-release-windows-x86_64 | 1.0.1 | 112.00 | 208.00 | 320.00 | NOTE | |
r-oldrel-macos-arm64 | 1.0.1 | 78.00 | NOTE | |||
r-oldrel-macos-x86_64 | 1.0.1 | 214.00 | NOTE | |||
r-oldrel-windows-x86_64 | 1.0.1 | 97.00 | 224.00 | 321.00 | NOTE |
Version: 1.0.1
Check: installed package size
Result: NOTE
installed size is 38.8Mb
sub-directories of 1Mb or more:
include 38.0Mb
Flavors: r-devel-linux-x86_64-fedora-clang, r-devel-windows-x86_64, r-release-macos-arm64, r-release-macos-x86_64, r-release-windows-x86_64, r-oldrel-macos-arm64, r-oldrel-macos-x86_64, r-oldrel-windows-x86_64