Last updated on 2024-03-28 17:49:39 CET.
Flavor | Version | Tinstall | Tcheck | Ttotal | Status | Flags |
---|---|---|---|---|---|---|
r-devel-linux-x86_64-debian-clang | 0.1.9-1 | 7.09 | 49.63 | 56.72 | NOTE | |
r-devel-linux-x86_64-debian-gcc | 0.1.9-1 | 6.27 | 38.06 | 44.33 | NOTE | |
r-devel-linux-x86_64-fedora-clang | 0.1.9-1 | 75.83 | NOTE | |||
r-devel-linux-x86_64-fedora-gcc | 0.1.9-1 | 68.37 | NOTE | |||
r-devel-windows-x86_64 | 0.1.9-1 | 8.00 | 59.00 | 67.00 | NOTE | |
r-patched-linux-x86_64 | 0.1.9-1 | 8.09 | 48.72 | 56.81 | NOTE | |
r-release-linux-x86_64 | 0.1.9-1 | 6.46 | 49.30 | 55.76 | NOTE | |
r-release-macos-arm64 | 0.1.9-1 | 23.00 | NOTE | |||
r-release-macos-x86_64 | 0.1.9-1 | 37.00 | NOTE | |||
r-release-windows-x86_64 | 0.1.9-1 | 9.00 | 65.00 | 74.00 | NOTE | |
r-oldrel-macos-arm64 | 0.1.9-1 | 20.00 | NOTE | |||
r-oldrel-windows-x86_64 | 0.1.9-1 | 10.00 | 66.00 | 76.00 | NOTE |
Version: 0.1.9-1
Check: LazyData
Result: NOTE
'LazyData' is specified without a 'data' directory
Flavors: r-devel-linux-x86_64-debian-clang, r-devel-linux-x86_64-debian-gcc, r-devel-linux-x86_64-fedora-clang, r-devel-linux-x86_64-fedora-gcc, r-devel-windows-x86_64, r-patched-linux-x86_64, r-release-linux-x86_64, r-release-macos-arm64, r-release-macos-x86_64, r-release-windows-x86_64, r-oldrel-macos-arm64, r-oldrel-windows-x86_64