CRAN Package Check Results for Package RelimpPCR

Last updated on 2025-07-21 06:49:36 CEST.

Flavor Version Tinstall Tcheck Ttotal Status Flags
r-devel-linux-x86_64-debian-clang 0.3.0 2.02 37.28 39.30 NOTE
r-devel-linux-x86_64-debian-gcc 0.3.0 1.30 26.78 28.08 NOTE
r-devel-linux-x86_64-fedora-clang 0.3.0 61.99 OK
r-devel-linux-x86_64-fedora-gcc 0.3.0 57.98 OK
r-devel-windows-x86_64 0.3.0 4.00 52.00 56.00 OK
r-patched-linux-x86_64 0.3.0 1.94 35.26 37.20 OK
r-release-linux-x86_64 0.3.0 2.08 34.35 36.43 OK
r-release-macos-arm64 0.3.0 23.00 OK
r-release-macos-x86_64 0.3.0 40.00 OK
r-release-windows-x86_64 0.3.0 4.00 55.00 59.00 OK
r-oldrel-macos-arm64 0.3.0 20.00 OK
r-oldrel-macos-x86_64 0.3.0 32.00 OK
r-oldrel-windows-x86_64 0.3.0 4.00 62.00 66.00 OK

Check Details

Version: 0.3.0
Check: CRAN incoming feasibility
Result: NOTE Maintainer: ‘Michael Hernandez <michael@hernandez.ai>’ No Authors@R field in DESCRIPTION. Please add one, modifying Authors@R: c(person(given = "Michael", family = "Hernandez", role = c("aut", "cre"), email = "micahel@hernandez.ai"), person(given = "Yuri", family = "Balasanov", role = "aut")) as necessary. Flavors: r-devel-linux-x86_64-debian-clang, r-devel-linux-x86_64-debian-gcc