Last updated on 2025-04-15 06:51:53 CEST.
Flavor | Version | Tinstall | Tcheck | Ttotal | Status | Flags |
---|---|---|---|---|---|---|
r-devel-linux-x86_64-debian-clang | 0.2-2 | 1322.33 | 190.59 | 1512.92 | NOTE | |
r-devel-linux-x86_64-debian-gcc | 0.2-2 | 1181.82 | 220.20 | 1402.02 | NOTE | |
r-devel-linux-x86_64-fedora-clang | 0.2-2 | 2310.15 | OK | |||
r-devel-linux-x86_64-fedora-gcc | 0.2-2 | 3281.00 | OK | |||
r-devel-windows-x86_64 | 0.2-2 | 1335.00 | 327.00 | 1662.00 | OK | |
r-patched-linux-x86_64 | 0.2-2 | 1507.37 | 308.59 | 1815.96 | NOTE | |
r-release-linux-x86_64 | 0.2-2 | 1477.16 | 306.21 | 1783.37 | NOTE | |
r-release-macos-arm64 | 0.2-2 | 799.00 | OK | |||
r-release-macos-x86_64 | 0.2-2 | 853.00 | OK | |||
r-release-windows-x86_64 | 0.2-2 | 1329.00 | 317.00 | 1646.00 | OK | |
r-oldrel-macos-arm64 | 0.2-2 | 395.00 | NOTE | |||
r-oldrel-macos-x86_64 | 0.2-2 | 270.00 | NOTE | |||
r-oldrel-windows-x86_64 | 0.2-2 | 1557.00 | 393.00 | 1950.00 | NOTE |
Version: 0.2-2
Check: for unstated dependencies in ‘demo’
Result: NOTE
'library' or 'require' calls not declared from:
‘Mcomp’ ‘RODBC’ ‘dplyr’ ‘ggplot2’
Flavors: r-devel-linux-x86_64-debian-clang, r-devel-linux-x86_64-debian-gcc, r-patched-linux-x86_64, r-release-linux-x86_64
Version: 0.2-2
Check: installed package size
Result: NOTE
installed size is 161.2Mb
sub-directories of 1Mb or more:
libs 160.2Mb
Flavors: r-oldrel-macos-arm64, r-oldrel-macos-x86_64, r-oldrel-windows-x86_64
Version: 0.2-2
Check: for GNU extensions in Makefiles
Result: NOTE
GNU make is a SystemRequirements.
Flavors: r-oldrel-macos-arm64, r-oldrel-macos-x86_64, r-oldrel-windows-x86_64