Last updated on 2024-07-03 18:57:46 CEST.
Flavor | Version | Tinstall | Tcheck | Ttotal | Status | Flags |
---|---|---|---|---|---|---|
r-devel-linux-x86_64-debian-clang | 1.1.0 | 11.36 | 96.35 | 107.71 | OK | |
r-devel-linux-x86_64-debian-gcc | 1.1.0 | 9.41 | 71.47 | 80.88 | OK | |
r-devel-linux-x86_64-fedora-clang | 1.1.0 | 147.10 | NOTE | |||
r-devel-linux-x86_64-fedora-gcc | 1.1.0 | 134.68 | NOTE | |||
r-devel-windows-x86_64 | 1.1.0 | 12.00 | 87.00 | 99.00 | OK | |
r-patched-linux-x86_64 | 1.1.0 | 13.40 | 93.29 | 106.69 | OK | |
r-release-linux-x86_64 | 1.1.0 | 10.92 | 90.72 | 101.64 | OK | |
r-release-macos-arm64 | 1.1.0 | 40.00 | OK | |||
r-release-macos-x86_64 | 1.1.0 | 59.00 | OK | |||
r-release-windows-x86_64 | 1.1.0 | 12.00 | 86.00 | 98.00 | OK | |
r-oldrel-macos-arm64 | 1.1.0 | 42.00 | OK | |||
r-oldrel-macos-x86_64 | 1.1.0 | 65.00 | OK | |||
r-oldrel-windows-x86_64 | 1.1.0 | 15.00 | 105.00 | 120.00 | OK |
Version: 1.1.0
Check: dependencies in R code
Result: NOTE
Namespace in Imports field not imported from: ‘glmnet’
All declared Imports should be used.
Flavors: r-devel-linux-x86_64-fedora-clang, r-devel-linux-x86_64-fedora-gcc