Last updated on 2025-02-21 05:50:57 CET.
Flavor | Version | Tinstall | Tcheck | Ttotal | Status | Flags |
---|---|---|---|---|---|---|
r-devel-linux-x86_64-debian-clang | 3.1.1 | 7.65 | 275.16 | 282.81 | OK | |
r-devel-linux-x86_64-debian-gcc | 3.1.1 | 5.17 | 197.89 | 203.06 | OK | |
r-devel-linux-x86_64-fedora-clang | 3.1.1 | 531.36 | NOTE | |||
r-devel-linux-x86_64-fedora-gcc | 3.1.1 | 553.60 | NOTE | |||
r-devel-macos-arm64 | 3.1.1 | 112.00 | OK | |||
r-devel-macos-x86_64 | 3.1.1 | 215.00 | OK | |||
r-devel-windows-x86_64 | 3.1.1 | 9.00 | 203.00 | 212.00 | OK | |
r-patched-linux-x86_64 | 3.1.1 | 6.56 | 263.74 | 270.30 | OK | |
r-release-linux-x86_64 | 3.1.1 | 7.21 | 262.26 | 269.47 | OK | |
r-release-macos-arm64 | 3.1.1 | 114.00 | OK | |||
r-release-macos-x86_64 | 3.1.1 | 230.00 | OK | |||
r-release-windows-x86_64 | 3.1.1 | 10.00 | 194.00 | 204.00 | OK | |
r-oldrel-macos-arm64 | 3.1.1 | 92.00 | OK | |||
r-oldrel-macos-x86_64 | 3.1.1 | 353.00 | OK | |||
r-oldrel-windows-x86_64 | 3.1.1 | 11.00 | 762.00 | 773.00 | OK |
Version: 3.1.1
Check: dependencies in R code
Result: NOTE
Namespaces in Imports field not imported from:
‘ROCit’ ‘corrplot’ ‘kableExtra’ ‘purrr’ ‘reshape2’
All declared Imports should be used.
Flavors: r-devel-linux-x86_64-fedora-clang, r-devel-linux-x86_64-fedora-gcc