Last updated on 2024-07-05 19:04:30 CEST.
Flavor | Version | Tinstall | Tcheck | Ttotal | Status | Flags |
---|---|---|---|---|---|---|
r-devel-linux-x86_64-debian-clang | 1.1.3 | 85.06 | 46.81 | 131.87 | NOTE | |
r-devel-linux-x86_64-debian-gcc | 1.1.3 | 64.86 | 40.13 | 104.99 | NOTE | |
r-devel-linux-x86_64-fedora-clang | 1.1.3 | 175.99 | NOTE | |||
r-devel-linux-x86_64-fedora-gcc | 1.1.3 | 205.78 | NOTE | |||
r-devel-windows-x86_64 | 1.1.3 | 64.00 | 81.00 | 145.00 | NOTE | |
r-patched-linux-x86_64 | 1.1.3 | 79.53 | 49.82 | 129.35 | NOTE | |
r-release-linux-x86_64 | 1.1.3 | 77.76 | 49.58 | 127.34 | NOTE | |
r-release-macos-arm64 | 1.1.3 | 46.00 | NOTE | |||
r-release-macos-x86_64 | 1.1.3 | 60.00 | NOTE | |||
r-release-windows-x86_64 | 1.1.3 | 62.00 | 83.00 | 145.00 | NOTE | |
r-oldrel-macos-arm64 | 1.1.3 | 50.00 | NOTE | |||
r-oldrel-macos-x86_64 | 1.1.3 | 83.00 | NOTE | |||
r-oldrel-windows-x86_64 | 1.1.3 | 78.00 | 98.00 | 176.00 | NOTE |
Version: 1.1.3
Check: C++ specification
Result: NOTE
Specified C++11: please drop specification unless essential
Flavors: r-devel-linux-x86_64-debian-clang, r-devel-linux-x86_64-debian-gcc, r-devel-linux-x86_64-fedora-clang, r-devel-linux-x86_64-fedora-gcc, r-devel-windows-x86_64, r-patched-linux-x86_64, r-release-linux-x86_64, r-release-macos-arm64, r-release-macos-x86_64, r-release-windows-x86_64, r-oldrel-macos-arm64, r-oldrel-macos-x86_64, r-oldrel-windows-x86_64
Version: 1.1.3
Check: installed package size
Result: NOTE
installed size is 22.4Mb
sub-directories of 1Mb or more:
libs 22.2Mb
Flavors: r-release-macos-arm64, r-release-macos-x86_64, r-oldrel-macos-arm64, r-oldrel-macos-x86_64