CRAN Package Check Results for Package SAPP

Last updated on 2025-07-27 18:51:32 CEST.

Flavor Version Tinstall Tcheck Ttotal Status Flags
r-devel-linux-x86_64-debian-clang 1.0.9-1 13.69 35.41 49.10 NOTE
r-devel-linux-x86_64-debian-gcc 1.0.9-1 7.91 26.91 34.82 NOTE
r-devel-linux-x86_64-fedora-clang 1.0.9-1 74.28 OK
r-devel-linux-x86_64-fedora-gcc 1.0.9-1 83.73 OK
r-devel-windows-x86_64 1.0.9-1 17.00 68.00 85.00 OK
r-patched-linux-x86_64 1.0.9-1 10.69 33.30 43.99 OK
r-release-linux-x86_64 1.0.9-1 10.46 33.55 44.01 OK
r-release-macos-arm64 1.0.9-1 59.00 OK
r-release-macos-x86_64 1.0.9-1 57.00 OK
r-release-windows-x86_64 1.0.9-1 16.00 70.00 86.00 OK
r-oldrel-macos-arm64 1.0.9-1 31.00 OK
r-oldrel-macos-x86_64 1.0.9-1 45.00 OK
r-oldrel-windows-x86_64 1.0.9-1 17.00 69.00 86.00 OK

Check Details

Version: 1.0.9-1
Check: CRAN incoming feasibility
Result: NOTE Maintainer: ‘Masami Saga <msaga@mtb.biglobe.ne.jp>’ No Authors@R field in DESCRIPTION. Please add one, modifying Authors@R: c(person(given = c("The", "Institute", "of", "Statistical"), family = "Mathematics", role = "aut"), person(given = "Masami", family = "Saga", role = "cre", email = "msaga@mtb.biglobe.ne.jp")) as necessary. Flavors: r-devel-linux-x86_64-debian-clang, r-devel-linux-x86_64-debian-gcc