Last updated on 2025-05-05 06:51:46 CEST.
Flavor | Version | Tinstall | Tcheck | Ttotal | Status | Flags |
---|---|---|---|---|---|---|
r-devel-linux-x86_64-debian-clang | 1.7 | 18.80 | 104.77 | 123.57 | NOTE | |
r-devel-linux-x86_64-debian-gcc | 1.7 | 13.44 | 72.50 | 85.94 | NOTE | |
r-devel-linux-x86_64-fedora-clang | 1.7 | 200.41 | OK | |||
r-devel-linux-x86_64-fedora-gcc | 1.7 | 190.49 | OK | |||
r-devel-windows-x86_64 | 1.7 | 20.00 | 112.00 | 132.00 | OK | |
r-patched-linux-x86_64 | 1.7 | 18.89 | 100.02 | 118.91 | OK | |
r-release-linux-x86_64 | 1.7 | 20.52 | 99.53 | 120.05 | OK | |
r-release-macos-arm64 | 1.7 | 53.00 | OK | |||
r-release-macos-x86_64 | 1.7 | 98.00 | OK | |||
r-release-windows-x86_64 | 1.7 | 18.00 | 112.00 | 130.00 | OK | |
r-oldrel-macos-arm64 | 1.7 | 46.00 | OK | |||
r-oldrel-macos-x86_64 | 1.7 | 76.00 | OK | |||
r-oldrel-windows-x86_64 | 1.7 | 27.00 | 139.00 | 166.00 | OK |
Version: 1.7
Check: CRAN incoming feasibility
Result: NOTE
Maintainer: ‘"Yonas Ghebremichael Weldeselassie" <yonas.weldeselassie@open.ac.uk>’
No Authors@R field in DESCRIPTION.
Please add one, modifying
Authors@R: c(person(given = c("Yonas", "Ghebremichael"),
family = "Weldeselassie",
role = "aut"),
person(given = "Heather",
family = "Whitaker",
role = "aut"),
person(given = "Paddy",
family = "Farrington",
role = "aut"),
person(given = c("\"Yonas", "Ghebremichael"),
family = "Weldeselassie\"",
role = "cre",
email = "yonas.weldeselassie@open.ac.uk"))
as necessary.
Flavors: r-devel-linux-x86_64-debian-clang, r-devel-linux-x86_64-debian-gcc