Last updated on 2024-05-04 06:52:22 CEST.
Flavor | Version | Tinstall | Tcheck | Ttotal | Status | Flags |
---|---|---|---|---|---|---|
r-devel-linux-x86_64-debian-clang | 0.1-1 | 3.65 | 27.72 | 31.37 | OK | |
r-devel-linux-x86_64-debian-gcc | 0.1-1 | 2.66 | 22.24 | 24.90 | OK | |
r-devel-linux-x86_64-fedora-clang | 0.1-1 | 40.00 | NOTE | |||
r-devel-linux-x86_64-fedora-gcc | 0.1-1 | 38.39 | NOTE | |||
r-devel-windows-x86_64 | 0.1-1 | 6.00 | 52.00 | 58.00 | OK | |
r-patched-linux-x86_64 | 0.1-1 | 3.60 | 26.82 | 30.42 | OK | |
r-release-linux-x86_64 | 0.1-1 | 3.45 | 27.36 | 30.81 | OK | |
r-release-macos-arm64 | 0.1-1 | 19.00 | OK | |||
r-release-windows-x86_64 | 0.1-1 | 5.00 | 50.00 | 55.00 | OK | |
r-oldrel-macos-arm64 | 0.1-1 | 19.00 | OK | |||
r-oldrel-macos-x86_64 | 0.1-1 | 24.00 | OK | |||
r-oldrel-windows-x86_64 | 0.1-1 | 6.00 | 48.00 | 54.00 | OK |
Version: 0.1-1
Check: compiled code
Result: NOTE
File ‘SCEPtERbinary/libs/SCEPtERbinary.so’:
Found no calls to: ‘R_registerRoutines’, ‘R_useDynamicSymbols’
It is good practice to register native routines and to disable symbol
search.
See ‘Writing portable packages’ in the ‘Writing R Extensions’ manual.
Flavors: r-devel-linux-x86_64-fedora-clang, r-devel-linux-x86_64-fedora-gcc