CRAN Package Check Results for Package SCOPRO

Last updated on 2025-11-19 17:48:52 CET.

Flavor Version Tinstall Tcheck Ttotal Status Flags
r-devel-linux-x86_64-debian-clang 0.1.0 2.06 33.08 35.14 NOTE
r-devel-linux-x86_64-debian-gcc 0.1.0 1.62 25.32 26.94 NOTE
r-devel-linux-x86_64-fedora-clang 0.1.0 52.32 OK
r-devel-linux-x86_64-fedora-gcc 0.1.0 64.78 OK
r-devel-windows-x86_64 0.1.0 5.00 50.00 55.00 OK
r-patched-linux-x86_64 0.1.0 2.23 29.79 32.02 OK
r-release-linux-x86_64 0.1.0 2.04 29.67 31.71 OK
r-release-macos-arm64 0.1.0 OK
r-release-macos-x86_64 0.1.0 2.00 42.00 44.00 OK
r-release-windows-x86_64 0.1.0 4.00 52.00 56.00 OK
r-oldrel-macos-arm64 0.1.0 OK
r-oldrel-macos-x86_64 0.1.0 2.00 34.00 36.00 OK
r-oldrel-windows-x86_64 0.1.0 5.00 56.00 61.00 OK

Check Details

Version: 0.1.0
Check: CRAN incoming feasibility
Result: NOTE Maintainer: ‘Gabriele Lubatti <gabriele.lubatti@helmholtz-muenchen.de>’ No Authors@R field in DESCRIPTION. Please add one, modifying Authors@R: person(given = "Gabriele", family = "Lubatti", role = c("aut", "cre"), email = "gabriele.lubatti@helmholtz-muenchen.de") as necessary. Flavors: r-devel-linux-x86_64-debian-clang, r-devel-linux-x86_64-debian-gcc