Last updated on 2025-10-31 17:50:27 CET.
| Flavor | Version | Tinstall | Tcheck | Ttotal | Status | Flags | 
|---|---|---|---|---|---|---|
| r-devel-linux-x86_64-debian-clang | 1.3.1 | 22.11 | 94.21 | 116.32 | NOTE | |
| r-devel-linux-x86_64-debian-gcc | 1.3.1 | 11.40 | 60.63 | 72.03 | NOTE | |
| r-devel-linux-x86_64-fedora-clang | 1.3.1 | 53.00 | 124.74 | 177.74 | OK | |
| r-devel-linux-x86_64-fedora-gcc | 1.3.1 | 42.00 | 127.54 | 169.54 | OK | |
| r-devel-windows-x86_64 | 1.3.1 | 20.00 | 88.00 | 108.00 | OK | |
| r-patched-linux-x86_64 | 1.3.1 | 20.12 | 85.38 | 105.50 | OK | |
| r-release-linux-x86_64 | 1.3.1 | 20.65 | 87.00 | 107.65 | OK | |
| r-release-macos-arm64 | 1.3.1 | 9.00 | 33.00 | 42.00 | OK | |
| r-release-macos-x86_64 | 1.3.1 | 19.00 | 62.00 | 81.00 | OK | |
| r-release-windows-x86_64 | 1.3.1 | 20.00 | 89.00 | 109.00 | OK | |
| r-oldrel-macos-arm64 | 1.3.1 | 8.00 | 33.00 | 41.00 | OK | |
| r-oldrel-macos-x86_64 | 1.3.1 | 13.00 | 49.00 | 62.00 | OK | |
| r-oldrel-windows-x86_64 | 1.3.1 | 29.00 | 112.00 | 141.00 | OK | 
Version: 1.3.1
Check: CRAN incoming feasibility
Result: NOTE
  Maintainer: ‘Tamal Kumar De <tamalkumar.de@kuleuven.be>’
  
  No Authors@R field in DESCRIPTION.
  Please add one, modifying
    Authors@R: c(person(given = "Isis",
                        family = "Bulte",
                        role = "aut"),
                 person(given = c("Tamal", "Kumar"),
                        family = "De",
                        role = c("aut", "cre"),
                        email = "tamalkumar.de@kuleuven.be"),
                 person(given = "Patrick",
                        family = "Onghena",
                        role = "aut"))
  as necessary.
Flavors: r-devel-linux-x86_64-debian-clang, r-devel-linux-x86_64-debian-gcc