Last updated on 2025-11-03 17:50:02 CET.
| Flavor | Version | Tinstall | Tcheck | Ttotal | Status | Flags |
|---|---|---|---|---|---|---|
| r-devel-linux-x86_64-debian-clang | 0.1-5 | 2.04 | 35.72 | 37.76 | NOTE | |
| r-devel-linux-x86_64-debian-gcc | 0.1-5 | 1.61 | 27.87 | 29.48 | NOTE | |
| r-devel-linux-x86_64-fedora-clang | 0.1-5 | 54.75 | OK | |||
| r-devel-linux-x86_64-fedora-gcc | 0.1-5 | 68.76 | OK | |||
| r-devel-windows-x86_64 | 0.1-5 | 4.00 | 67.00 | 71.00 | OK | |
| r-patched-linux-x86_64 | 0.1-5 | 2.74 | 33.88 | 36.62 | OK | |
| r-release-linux-x86_64 | 0.1-5 | 1.99 | 34.18 | 36.17 | OK | |
| r-release-macos-arm64 | 0.1-5 | 2.00 | 50.00 | 52.00 | OK | |
| r-release-macos-x86_64 | 0.1-5 | 2.00 | 48.00 | 50.00 | OK | |
| r-release-windows-x86_64 | 0.1-5 | 3.00 | 66.00 | 69.00 | OK | |
| r-oldrel-macos-arm64 | 0.1-5 | 1.00 | 25.00 | 26.00 | OK | |
| r-oldrel-macos-x86_64 | 0.1-5 | 2.00 | 40.00 | 42.00 | OK | |
| r-oldrel-windows-x86_64 | 0.1-5 | 5.00 | 75.00 | 80.00 | OK |
Version: 0.1-5
Check: CRAN incoming feasibility
Result: NOTE
Maintainer: ‘Tobias Verbeke <tobias.verbeke@openanalytics.eu>’
No Authors@R field in DESCRIPTION.
Please add one, modifying
Authors@R: person(given = "Tobias",
family = "Verbeke",
role = c("aut", "cre"),
email = "tobias.verbeke@openanalytics.eu")
as necessary.
Flavors: r-devel-linux-x86_64-debian-clang, r-devel-linux-x86_64-debian-gcc