Last updated on 2024-07-23 18:59:12 CEST.
Flavor | Version | Tinstall | Tcheck | Ttotal | Status | Flags |
---|---|---|---|---|---|---|
r-devel-linux-x86_64-debian-clang | 0.1.0 | 8.08 | 73.85 | 81.93 | NOTE | |
r-devel-linux-x86_64-debian-gcc | 0.1.0 | 6.59 | 55.53 | 62.12 | NOTE | |
r-devel-linux-x86_64-fedora-clang | 0.1.0 | 99.24 | NOTE | |||
r-devel-linux-x86_64-fedora-gcc | 0.1.0 | 96.01 | NOTE | |||
r-devel-windows-x86_64 | 0.1.0 | 7.00 | 72.00 | 79.00 | NOTE | |
r-patched-linux-x86_64 | 0.1.0 | 7.45 | 70.36 | 77.81 | NOTE | |
r-release-linux-x86_64 | 0.1.0 | 6.11 | 69.06 | 75.17 | NOTE | |
r-release-macos-arm64 | 0.1.0 | 32.00 | NOTE | |||
r-release-macos-x86_64 | 0.1.0 | 50.00 | NOTE | |||
r-release-windows-x86_64 | 0.1.0 | 7.00 | 73.00 | 80.00 | NOTE | |
r-oldrel-macos-arm64 | 0.1.0 | 41.00 | NOTE | |||
r-oldrel-macos-x86_64 | 0.1.0 | 57.00 | NOTE | |||
r-oldrel-windows-x86_64 | 0.1.0 | 10.00 | 85.00 | 95.00 | NOTE |
Version: 0.1.0
Check: LazyData
Result: NOTE
'LazyData' is specified without a 'data' directory
Flavors: r-devel-linux-x86_64-debian-clang, r-devel-linux-x86_64-debian-gcc, r-devel-linux-x86_64-fedora-clang, r-devel-linux-x86_64-fedora-gcc, r-devel-windows-x86_64, r-patched-linux-x86_64, r-release-linux-x86_64, r-release-macos-arm64, r-release-macos-x86_64, r-release-windows-x86_64, r-oldrel-macos-arm64, r-oldrel-macos-x86_64, r-oldrel-windows-x86_64