Last updated on 2024-04-19 19:50:27 CEST.
Flavor | Version | Tinstall | Tcheck | Ttotal | Status | Flags |
---|---|---|---|---|---|---|
r-devel-linux-x86_64-debian-clang | 1.8 | 2.54 | 26.31 | 28.85 | NOTE | |
r-devel-linux-x86_64-debian-gcc | 1.8 | NOTE | ||||
r-devel-linux-x86_64-fedora-clang | 1.8 | 36.05 | NOTE | |||
r-devel-linux-x86_64-fedora-gcc | 1.8 | 33.79 | NOTE | |||
r-prerel-macos-arm64 | 1.8 | 16.00 | NOTE | |||
r-prerel-windows-x86_64 | 1.8 | 2.00 | 46.00 | 48.00 | NOTE | |
r-patched-linux-x86_64 | 1.8 | 2.01 | 25.29 | 27.30 | NOTE | |
r-release-linux-x86_64 | 1.8 | 2.02 | 25.71 | 27.73 | NOTE | |
r-release-macos-arm64 | 1.8 | 20.00 | NOTE | |||
r-release-macos-x86_64 | 1.8 | 22.00 | NOTE | |||
r-release-windows-x86_64 | 1.8 | 4.00 | 46.00 | 50.00 | NOTE | |
r-oldrel-macos-arm64 | 1.8 | 17.00 | NOTE | |||
r-oldrel-windows-x86_64 | 1.8 | 5.00 | 54.00 | 59.00 | NOTE |
Version: 1.8
Check: LazyData
Result: NOTE
'LazyData' is specified without a 'data' directory
Flavors: r-devel-linux-x86_64-debian-clang, r-devel-linux-x86_64-debian-gcc, r-devel-linux-x86_64-fedora-clang, r-devel-linux-x86_64-fedora-gcc, r-prerel-macos-arm64, r-prerel-windows-x86_64, r-patched-linux-x86_64, r-release-linux-x86_64, r-release-macos-arm64, r-release-macos-x86_64, r-release-windows-x86_64, r-oldrel-macos-arm64, r-oldrel-windows-x86_64