CRAN Package Check Results for Package SNSchart

Last updated on 2025-11-23 05:50:35 CET.

Flavor Version Tinstall Tcheck Ttotal Status Flags
r-devel-linux-x86_64-debian-clang 1.4.0 3.67 54.76 58.43 NOTE
r-devel-linux-x86_64-debian-gcc 1.4.0 2.69 41.44 44.13 NOTE
r-devel-linux-x86_64-fedora-clang 1.4.0 85.57 OK
r-devel-windows-x86_64 1.4.0 8.00 75.00 83.00 OK
r-patched-linux-x86_64 1.4.0 4.34 50.46 54.80 OK
r-release-linux-x86_64 1.4.0 3.24 50.64 53.88 OK
r-release-macos-arm64 1.4.0 OK
r-release-macos-x86_64 1.4.0 3.00 60.00 63.00 OK
r-release-windows-x86_64 1.4.0 6.00 89.00 95.00 OK
r-oldrel-macos-arm64 1.4.0 OK
r-oldrel-macos-x86_64 1.4.0 3.00 47.00 50.00 OK
r-oldrel-windows-x86_64 1.4.0 7.00 92.00 99.00 OK

Check Details

Version: 1.4.0
Check: CRAN incoming feasibility
Result: NOTE Maintainer: ‘Luis Benavides <luisbv@tec.mx>’ The Description field contains (2019) <arXiv:1901.04443>. Please refer to arXiv e-prints via their arXiv DOI <doi:10.48550/arXiv.YYMM.NNNNN>. Flavors: r-devel-linux-x86_64-debian-clang, r-devel-linux-x86_64-debian-gcc