CRAN Package Check Results for Package SOMEnv

Last updated on 2025-06-30 18:49:53 CEST.

Flavor Version Tinstall Tcheck Ttotal Status Flags
r-devel-linux-x86_64-debian-clang 1.1.2 13.91 101.57 115.48 OK
r-devel-linux-x86_64-debian-gcc 1.1.2 7.86 73.79 81.65 OK
r-devel-linux-x86_64-fedora-clang 1.1.2 177.48 NOTE
r-devel-linux-x86_64-fedora-gcc 1.1.2 165.01 NOTE
r-devel-windows-x86_64 1.1.2 13.00 104.00 117.00 OK
r-patched-linux-x86_64 OK
r-release-linux-x86_64 1.1.2 12.86 94.05 106.91 OK
r-release-macos-arm64 1.1.2 49.00 OK
r-release-macos-x86_64 1.1.2 86.00 OK
r-release-windows-x86_64 1.1.2 15.00 103.00 118.00 OK
r-oldrel-macos-arm64 1.1.2 43.00 OK
r-oldrel-macos-x86_64 1.1.2 69.00 OK
r-oldrel-windows-x86_64 1.1.2 18.00 125.00 143.00 OK

Check Details

Version: 1.1.2
Check: dependencies in R code
Result: NOTE Namespace in Imports field not imported from: ‘rlist’ All declared Imports should be used. Flavors: r-devel-linux-x86_64-fedora-clang, r-devel-linux-x86_64-fedora-gcc