CRAN Package Check Results for Package SOPIE

Last updated on 2025-11-23 05:50:35 CET.

Flavor Version Tinstall Tcheck Ttotal Status Flags
r-devel-linux-x86_64-debian-clang 1.6 2.97 34.00 36.97 NOTE
r-devel-linux-x86_64-debian-gcc 1.6 2.21 25.22 27.43 NOTE
r-devel-linux-x86_64-fedora-clang 1.6 55.08 OK
r-devel-windows-x86_64 1.6 6.00 53.00 59.00 OK
r-patched-linux-x86_64 1.6 3.27 32.10 35.37 OK
r-release-linux-x86_64 1.6 2.64 32.70 35.34 OK
r-release-macos-arm64 1.6 OK
r-release-macos-x86_64 1.6 3.00 34.00 37.00 OK
r-release-windows-x86_64 1.6 6.00 70.00 76.00 OK
r-oldrel-macos-arm64 1.6 OK
r-oldrel-macos-x86_64 1.6 2.00 28.00 30.00 OK
r-oldrel-windows-x86_64 1.6 4.00 61.00 65.00 OK

Check Details

Version: 1.6
Check: CRAN incoming feasibility
Result: NOTE Maintainer: ‘Willem Daniel Schutte <wd.schutte@nwu.ac.za>’ No Authors@R field in DESCRIPTION. Please add one, modifying Authors@R: person(given = c("Willem", "Daniel"), family = "Schutte", role = c("aut", "cre"), email = "wd.schutte@nwu.ac.za") as necessary. Flavors: r-devel-linux-x86_64-debian-clang, r-devel-linux-x86_64-debian-gcc