Last updated on 2025-05-05 18:50:18 CEST.
Flavor | Version | Tinstall | Tcheck | Ttotal | Status | Flags |
---|---|---|---|---|---|---|
r-devel-linux-x86_64-debian-clang | 0.1-9 | 2.34 | 31.43 | 33.77 | NOTE | |
r-devel-linux-x86_64-debian-gcc | 0.1-9 | 1.80 | 23.82 | 25.62 | NOTE | |
r-devel-linux-x86_64-fedora-clang | 0.1-9 | 53.30 | OK | |||
r-devel-linux-x86_64-fedora-gcc | 0.1-9 | 50.05 | OK | |||
r-devel-windows-x86_64 | 0.1-9 | 3.00 | 63.00 | 66.00 | OK | |
r-patched-linux-x86_64 | 0.1-9 | 2.89 | 29.71 | 32.60 | OK | |
r-release-linux-x86_64 | 0.1-9 | 2.38 | 30.52 | 32.90 | OK | |
r-release-macos-arm64 | 0.1-9 | 22.00 | OK | |||
r-release-macos-x86_64 | 0.1-9 | 34.00 | OK | |||
r-release-windows-x86_64 | 0.1-9 | 3.00 | 61.00 | 64.00 | OK | |
r-oldrel-macos-arm64 | 0.1-9 | 19.00 | OK | |||
r-oldrel-macos-x86_64 | 0.1-9 | 29.00 | OK | |||
r-oldrel-windows-x86_64 | 0.1-9 | 5.00 | 66.00 | 71.00 | OK |
Version: 0.1-9
Check: CRAN incoming feasibility
Result: NOTE
Maintainer: ‘Pavel V. Moskalev <moskalefff@gmail.com>’
No Authors@R field in DESCRIPTION.
Please add one, modifying
Authors@R: person(given = c("Pavel", "V."),
family = "Moskalev",
role = c("aut", "cre"),
email = "moskalefff@gmail.com")
as necessary.
Flavors: r-devel-linux-x86_64-debian-clang, r-devel-linux-x86_64-debian-gcc